--
-- Host: localhost    Database: kelulusan_db
-- ------------------------------------------------------


--
-- Table structure for table `activity_log`
--

CREATE TABLE `activity_log` (
  `id` bigint unsigned NOT NULL AUTO_INCREMENT,
  `log_name` varchar(255) COLLATE utf8mb4_unicode_ci DEFAULT NULL,
  `description` text COLLATE utf8mb4_unicode_ci NOT NULL,
  `subject_type` varchar(255) COLLATE utf8mb4_unicode_ci DEFAULT NULL,
  `subject_id` bigint unsigned DEFAULT NULL,
  `event` varchar(255) COLLATE utf8mb4_unicode_ci DEFAULT NULL,
  `causer_type` varchar(255) COLLATE utf8mb4_unicode_ci DEFAULT NULL,
  `causer_id` bigint unsigned DEFAULT NULL,
  `attribute_changes` json DEFAULT NULL,
  `properties` json DEFAULT NULL,
  `created_at` timestamp NULL DEFAULT NULL,
  `updated_at` timestamp NULL DEFAULT NULL,
  PRIMARY KEY (`id`),
  KEY `subject` (`subject_type`,`subject_id`),
  KEY `causer` (`causer_type`,`causer_id`),
  KEY `activity_log_log_name_index` (`log_name`)
) ENGINE=InnoDB AUTO_INCREMENT=123 DEFAULT CHARSET=utf8mb4 COLLATE=utf8mb4_unicode_ci;

--
-- Dumping data for table `activity_log`
--

INSERT INTO `activity_log` VALUES (1,'default','User created','App\\Models\\User',1,'created',NULL,NULL,'{\"attributes\": {\"name\": \"Admin Sekolah\", \"email\": \"admin@email.com\"}}','[]','2026-05-30 07:19:53','2026-05-30 07:19:53'),(2,'default','admin_login',NULL,NULL,NULL,'App\\Models\\User',1,'[]','[]','2026-05-30 07:26:30','2026-05-30 07:26:30'),(3,'default','created','App\\Models\\Siswa',1,'created','App\\Models\\User',1,'{\"attributes\": {\"nama\": \"ADELIA OKTA SAFITRI\", \"nisn\": \"0108753448\", \"kelas\": \"IX A\", \"jurusan\": null, \"tahun_ajaran\": \"2025/2026\", \"status_kelulusan\": \"lulus\"}}','[]','2026-05-30 07:26:43','2026-05-30 07:26:43'),(4,'default','created','App\\Models\\Siswa',2,'created','App\\Models\\User',1,'{\"attributes\": {\"nama\": \"AINA\", \"nisn\": \"3118947315\", \"kelas\": \"IX A\", \"jurusan\": null, \"tahun_ajaran\": \"2025/2026\", \"status_kelulusan\": \"lulus\"}}','[]','2026-05-30 07:26:43','2026-05-30 07:26:43'),(5,'default','created','App\\Models\\Siswa',3,'created','App\\Models\\User',1,'{\"attributes\": {\"nama\": \"ALYA\", \"nisn\": \"0111411864\", \"kelas\": \"IX A\", \"jurusan\": null, \"tahun_ajaran\": \"2025/2026\", \"status_kelulusan\": \"lulus\"}}','[]','2026-05-30 07:26:43','2026-05-30 07:26:43'),(6,'default','created','App\\Models\\Siswa',4,'created','App\\Models\\User',1,'{\"attributes\": {\"nama\": \"GINA AULIANA\", \"nisn\": \"0108895866\", \"kelas\": \"IX A\", \"jurusan\": null, \"tahun_ajaran\": \"2025/2026\", \"status_kelulusan\": \"lulus\"}}','[]','2026-05-30 07:26:43','2026-05-30 07:26:43'),(7,'default','created','App\\Models\\Siswa',5,'created','App\\Models\\User',1,'{\"attributes\": {\"nama\": \"HADIJAH\", \"nisn\": \"0114839804\", \"kelas\": \"IX A\", \"jurusan\": null, \"tahun_ajaran\": \"2025/2026\", \"status_kelulusan\": \"lulus\"}}','[]','2026-05-30 07:26:43','2026-05-30 07:26:43'),(8,'default','created','App\\Models\\Siswa',6,'created','App\\Models\\User',1,'{\"attributes\": {\"nama\": \"HANA SAHIRAH SALSABILA\", \"nisn\": \"0114535661\", \"kelas\": \"IX A\", \"jurusan\": null, \"tahun_ajaran\": \"2025/2026\", \"status_kelulusan\": \"lulus\"}}','[]','2026-05-30 07:26:43','2026-05-30 07:26:43'),(9,'default','created','App\\Models\\Siswa',7,'created','App\\Models\\User',1,'{\"attributes\": {\"nama\": \"HUSNA AULIA\", \"nisn\": \"3103482214\", \"kelas\": \"IX A\", \"jurusan\": null, \"tahun_ajaran\": \"2025/2026\", \"status_kelulusan\": \"lulus\"}}','[]','2026-05-30 07:26:43','2026-05-30 07:26:43'),(10,'default','created','App\\Models\\Siswa',8,'created','App\\Models\\User',1,'{\"attributes\": {\"nama\": \"JAMILAH\", \"nisn\": \"3104448260\", \"kelas\": \"IX A\", \"jurusan\": null, \"tahun_ajaran\": \"2025/2026\", \"status_kelulusan\": \"lulus\"}}','[]','2026-05-30 07:26:43','2026-05-30 07:26:43'),(11,'default','created','App\\Models\\Siswa',9,'created','App\\Models\\User',1,'{\"attributes\": {\"nama\": \"MARWA ZAKIYA\", \"nisn\": \"3110844442\", \"kelas\": \"IX A\", \"jurusan\": null, \"tahun_ajaran\": \"2025/2026\", \"status_kelulusan\": \"lulus\"}}','[]','2026-05-30 07:26:43','2026-05-30 07:26:43'),(12,'default','created','App\\Models\\Siswa',10,'created','App\\Models\\User',1,'{\"attributes\": {\"nama\": \"MEYKA MADANIA\", \"nisn\": \"3117009040\", \"kelas\": \"IX A\", \"jurusan\": null, \"tahun_ajaran\": \"2025/2026\", \"status_kelulusan\": \"lulus\"}}','[]','2026-05-30 07:26:43','2026-05-30 07:26:43'),(13,'default','created','App\\Models\\Siswa',11,'created','App\\Models\\User',1,'{\"attributes\": {\"nama\": \"NAILA APIPAH\", \"nisn\": \"3111801578\", \"kelas\": \"IX A\", \"jurusan\": null, \"tahun_ajaran\": \"2025/2026\", \"status_kelulusan\": \"lulus\"}}','[]','2026-05-30 07:26:43','2026-05-30 07:26:43'),(14,'default','created','App\\Models\\Siswa',12,'created','App\\Models\\User',1,'{\"attributes\": {\"nama\": \"NAYLA AZIKIA\", \"nisn\": \"0105165970\", \"kelas\": \"IX A\", \"jurusan\": null, \"tahun_ajaran\": \"2025/2026\", \"status_kelulusan\": \"lulus\"}}','[]','2026-05-30 07:26:43','2026-05-30 07:26:43'),(15,'default','created','App\\Models\\Siswa',13,'created','App\\Models\\User',1,'{\"attributes\": {\"nama\": \"NAZHIRAH\", \"nisn\": \"3114123609\", \"kelas\": \"IX A\", \"jurusan\": null, \"tahun_ajaran\": \"2025/2026\", \"status_kelulusan\": \"lulus\"}}','[]','2026-05-30 07:26:43','2026-05-30 07:26:43'),(16,'default','created','App\\Models\\Siswa',14,'created','App\\Models\\User',1,'{\"attributes\": {\"nama\": \"NAZWA AULIA\", \"nisn\": \"3100800669\", \"kelas\": \"IX A\", \"jurusan\": null, \"tahun_ajaran\": \"2025/2026\", \"status_kelulusan\": \"lulus\"}}','[]','2026-05-30 07:26:43','2026-05-30 07:26:43'),(17,'default','created','App\\Models\\Siswa',15,'created','App\\Models\\User',1,'{\"attributes\": {\"nama\": \"NOR SYIFA\", \"nisn\": \"0102204098\", \"kelas\": \"IX A\", \"jurusan\": null, \"tahun_ajaran\": \"2025/2026\", \"status_kelulusan\": \"lulus\"}}','[]','2026-05-30 07:26:43','2026-05-30 07:26:43'),(18,'default','created','App\\Models\\Siswa',16,'created','App\\Models\\User',1,'{\"attributes\": {\"nama\": \"NURUL HIKMAH\", \"nisn\": \"0117731526\", \"kelas\": \"IX A\", \"jurusan\": null, \"tahun_ajaran\": \"2025/2026\", \"status_kelulusan\": \"lulus\"}}','[]','2026-05-30 07:26:43','2026-05-30 07:26:43'),(19,'default','created','App\\Models\\Siswa',17,'created','App\\Models\\User',1,'{\"attributes\": {\"nama\": \"NURUL HUDA\", \"nisn\": \"0119667182\", \"kelas\": \"IX A\", \"jurusan\": null, \"tahun_ajaran\": \"2025/2026\", \"status_kelulusan\": \"lulus\"}}','[]','2026-05-30 07:26:43','2026-05-30 07:26:43'),(20,'default','created','App\\Models\\Siswa',18,'created','App\\Models\\User',1,'{\"attributes\": {\"nama\": \"PUTRI AULIA\", \"nisn\": \"3105620718\", \"kelas\": \"IX A\", \"jurusan\": null, \"tahun_ajaran\": \"2025/2026\", \"status_kelulusan\": \"lulus\"}}','[]','2026-05-30 07:26:43','2026-05-30 07:26:43'),(21,'default','created','App\\Models\\Siswa',19,'created','App\\Models\\User',1,'{\"attributes\": {\"nama\": \"RABIATUL ADAWIYAH\", \"nisn\": \"0109982678\", \"kelas\": \"IX A\", \"jurusan\": null, \"tahun_ajaran\": \"2025/2026\", \"status_kelulusan\": \"lulus\"}}','[]','2026-05-30 07:26:43','2026-05-30 07:26:43'),(22,'default','created','App\\Models\\Siswa',20,'created','App\\Models\\User',1,'{\"attributes\": {\"nama\": \"SAIVA\", \"nisn\": \"0106465714\", \"kelas\": \"IX A\", \"jurusan\": null, \"tahun_ajaran\": \"2025/2026\", \"status_kelulusan\": \"lulus\"}}','[]','2026-05-30 07:26:43','2026-05-30 07:26:43'),(23,'default','created','App\\Models\\Siswa',21,'created','App\\Models\\User',1,'{\"attributes\": {\"nama\": \"SALSABILA AULIA PUTRI\", \"nisn\": \"0109475910\", \"kelas\": \"IX A\", \"jurusan\": null, \"tahun_ajaran\": \"2025/2026\", \"status_kelulusan\": \"lulus\"}}','[]','2026-05-30 07:26:43','2026-05-30 07:26:43'),(24,'default','created','App\\Models\\Siswa',22,'created','App\\Models\\User',1,'{\"attributes\": {\"nama\": \"SANTIA NURLATIFAH\", \"nisn\": \"0102205526\", \"kelas\": \"IX A\", \"jurusan\": null, \"tahun_ajaran\": \"2025/2026\", \"status_kelulusan\": \"lulus\"}}','[]','2026-05-30 07:26:43','2026-05-30 07:26:43'),(25,'default','created','App\\Models\\Siswa',23,'created','App\\Models\\User',1,'{\"attributes\": {\"nama\": \"SITI AISYAH\", \"nisn\": \"0106181365\", \"kelas\": \"IX A\", \"jurusan\": null, \"tahun_ajaran\": \"2025/2026\", \"status_kelulusan\": \"lulus\"}}','[]','2026-05-30 07:26:43','2026-05-30 07:26:43'),(26,'default','created','App\\Models\\Siswa',24,'created','App\\Models\\User',1,'{\"attributes\": {\"nama\": \"WAFIQ AZIZAH\", \"nisn\": \"3115277288\", \"kelas\": \"IX A\", \"jurusan\": null, \"tahun_ajaran\": \"2025/2026\", \"status_kelulusan\": \"lulus\"}}','[]','2026-05-30 07:26:43','2026-05-30 07:26:43'),(27,'default','created','App\\Models\\Siswa',25,'created','App\\Models\\User',1,'{\"attributes\": {\"nama\": \"WIFQA NIHAYATUN NADA\", \"nisn\": \"0107717058\", \"kelas\": \"IX A\", \"jurusan\": null, \"tahun_ajaran\": \"2025/2026\", \"status_kelulusan\": \"lulus\"}}','[]','2026-05-30 07:26:43','2026-05-30 07:26:43'),(28,'default','created','App\\Models\\Siswa',26,'created','App\\Models\\User',1,'{\"attributes\": {\"nama\": \"AHMAD HASAN\", \"nisn\": \"0105722751\", \"kelas\": \"IX B\", \"jurusan\": null, \"tahun_ajaran\": \"2025/2026\", \"status_kelulusan\": \"lulus\"}}','[]','2026-05-30 07:26:43','2026-05-30 07:26:43'),(29,'default','created','App\\Models\\Siswa',27,'created','App\\Models\\User',1,'{\"attributes\": {\"nama\": \"AHMAD JUFRI\", \"nisn\": \"3117905098\", \"kelas\": \"IX B\", \"jurusan\": null, \"tahun_ajaran\": \"2025/2026\", \"status_kelulusan\": \"lulus\"}}','[]','2026-05-30 07:26:43','2026-05-30 07:26:43'),(30,'default','created','App\\Models\\Siswa',28,'created','App\\Models\\User',1,'{\"attributes\": {\"nama\": \"ALFIANOOR\", \"nisn\": \"3112743904\", \"kelas\": \"IX B\", \"jurusan\": null, \"tahun_ajaran\": \"2025/2026\", \"status_kelulusan\": \"lulus\"}}','[]','2026-05-30 07:26:43','2026-05-30 07:26:43'),(31,'default','created','App\\Models\\Siswa',29,'created','App\\Models\\User',1,'{\"attributes\": {\"nama\": \"ATONG\", \"nisn\": \"3106000422\", \"kelas\": \"IX B\", \"jurusan\": null, \"tahun_ajaran\": \"2025/2026\", \"status_kelulusan\": \"lulus\"}}','[]','2026-05-30 07:26:43','2026-05-30 07:26:43'),(32,'default','created','App\\Models\\Siswa',30,'created','App\\Models\\User',1,'{\"attributes\": {\"nama\": \"AZZAM ALHAFIZHI\", \"nisn\": \"3104331116\", \"kelas\": \"IX B\", \"jurusan\": null, \"tahun_ajaran\": \"2025/2026\", \"status_kelulusan\": \"lulus\"}}','[]','2026-05-30 07:26:43','2026-05-30 07:26:43'),(33,'default','created','App\\Models\\Siswa',31,'created','App\\Models\\User',1,'{\"attributes\": {\"nama\": \"FATHUR ARHAM UMAROH\", \"nisn\": \"3112244314\", \"kelas\": \"IX B\", \"jurusan\": null, \"tahun_ajaran\": \"2025/2026\", \"status_kelulusan\": \"lulus\"}}','[]','2026-05-30 07:26:43','2026-05-30 07:26:43'),(34,'default','created','App\\Models\\Siswa',32,'created','App\\Models\\User',1,'{\"attributes\": {\"nama\": \"HAPIS PADILAH\", \"nisn\": \"0112511725\", \"kelas\": \"IX B\", \"jurusan\": null, \"tahun_ajaran\": \"2025/2026\", \"status_kelulusan\": \"lulus\"}}','[]','2026-05-30 07:26:43','2026-05-30 07:26:43'),(35,'default','created','App\\Models\\Siswa',33,'created','App\\Models\\User',1,'{\"attributes\": {\"nama\": \"KHAIRUL KAFFA\", \"nisn\": \"0104114243\", \"kelas\": \"IX B\", \"jurusan\": null, \"tahun_ajaran\": \"2025/2026\", \"status_kelulusan\": \"lulus\"}}','[]','2026-05-30 07:26:43','2026-05-30 07:26:43'),(36,'default','created','App\\Models\\Siswa',34,'created','App\\Models\\User',1,'{\"attributes\": {\"nama\": \"M. RESKI HAFIS\", \"nisn\": \"3117183898\", \"kelas\": \"IX B\", \"jurusan\": null, \"tahun_ajaran\": \"2025/2026\", \"status_kelulusan\": \"lulus\"}}','[]','2026-05-30 07:26:43','2026-05-30 07:26:43'),(37,'default','created','App\\Models\\Siswa',35,'created','App\\Models\\User',1,'{\"attributes\": {\"nama\": \"M. WILDAN MUBARAK\", \"nisn\": \"0104227882\", \"kelas\": \"IX B\", \"jurusan\": null, \"tahun_ajaran\": \"2025/2026\", \"status_kelulusan\": \"tidak_lulus\"}}','[]','2026-05-30 07:26:43','2026-05-30 07:26:43'),(38,'default','created','App\\Models\\Siswa',36,'created','App\\Models\\User',1,'{\"attributes\": {\"nama\": \"MUHAMAD TAUFIK\", \"nisn\": \"0103597670\", \"kelas\": \"IX B\", \"jurusan\": null, \"tahun_ajaran\": \"2025/2026\", \"status_kelulusan\": \"lulus\"}}','[]','2026-05-30 07:26:43','2026-05-30 07:26:43'),(39,'default','created','App\\Models\\Siswa',37,'created','App\\Models\\User',1,'{\"attributes\": {\"nama\": \"MUHAMMAD ALPIANUR\", \"nisn\": \"0116921275\", \"kelas\": \"IX B\", \"jurusan\": null, \"tahun_ajaran\": \"2025/2026\", \"status_kelulusan\": \"lulus\"}}','[]','2026-05-30 07:26:43','2026-05-30 07:26:43'),(40,'default','created','App\\Models\\Siswa',38,'created','App\\Models\\User',1,'{\"attributes\": {\"nama\": \"MUHAMMAD FAJAR ANGKASA\", \"nisn\": \"0111952826\", \"kelas\": \"IX B\", \"jurusan\": null, \"tahun_ajaran\": \"2025/2026\", \"status_kelulusan\": \"lulus\"}}','[]','2026-05-30 07:26:43','2026-05-30 07:26:43'),(41,'default','created','App\\Models\\Siswa',39,'created','App\\Models\\User',1,'{\"attributes\": {\"nama\": \"MUHAMMAD HILMI\", \"nisn\": \"0108222864\", \"kelas\": \"IX B\", \"jurusan\": null, \"tahun_ajaran\": \"2025/2026\", \"status_kelulusan\": \"lulus\"}}','[]','2026-05-30 07:26:43','2026-05-30 07:26:43'),(42,'default','created','App\\Models\\Siswa',40,'created','App\\Models\\User',1,'{\"attributes\": {\"nama\": \"MUHAMMAD PATJRIYANNOR\", \"nisn\": \"3103840722\", \"kelas\": \"IX B\", \"jurusan\": null, \"tahun_ajaran\": \"2025/2026\", \"status_kelulusan\": \"lulus\"}}','[]','2026-05-30 07:26:43','2026-05-30 07:26:43'),(43,'default','created','App\\Models\\Siswa',41,'created','App\\Models\\User',1,'{\"attributes\": {\"nama\": \"MUHAMMAD RAFFA\", \"nisn\": \"0108183487\", \"kelas\": \"IX B\", \"jurusan\": null, \"tahun_ajaran\": \"2025/2026\", \"status_kelulusan\": \"lulus\"}}','[]','2026-05-30 07:26:43','2026-05-30 07:26:43'),(44,'default','created','App\\Models\\Siswa',42,'created','App\\Models\\User',1,'{\"attributes\": {\"nama\": \"MUHAMMAD RAFI\'I\", \"nisn\": \"3114467076\", \"kelas\": \"IX B\", \"jurusan\": null, \"tahun_ajaran\": \"2025/2026\", \"status_kelulusan\": \"lulus\"}}','[]','2026-05-30 07:26:43','2026-05-30 07:26:43'),(45,'default','created','App\\Models\\Siswa',43,'created','App\\Models\\User',1,'{\"attributes\": {\"nama\": \"MUHAMMAD RIDWAN\", \"nisn\": \"3110353649\", \"kelas\": \"IX B\", \"jurusan\": null, \"tahun_ajaran\": \"2025/2026\", \"status_kelulusan\": \"lulus\"}}','[]','2026-05-30 07:26:43','2026-05-30 07:26:43'),(46,'default','created','App\\Models\\Siswa',44,'created','App\\Models\\User',1,'{\"attributes\": {\"nama\": \"MUHAMMAD SYAFI\'I\", \"nisn\": \"3118333654\", \"kelas\": \"IX B\", \"jurusan\": null, \"tahun_ajaran\": \"2025/2026\", \"status_kelulusan\": \"lulus\"}}','[]','2026-05-30 07:26:43','2026-05-30 07:26:43'),(47,'default','created','App\\Models\\Siswa',45,'created','App\\Models\\User',1,'{\"attributes\": {\"nama\": \"MUHAMMAD YUDHA\", \"nisn\": \"3111934275\", \"kelas\": \"IX B\", \"jurusan\": null, \"tahun_ajaran\": \"2025/2026\", \"status_kelulusan\": \"lulus\"}}','[]','2026-05-30 07:26:43','2026-05-30 07:26:43'),(48,'default','created','App\\Models\\Siswa',46,'created','App\\Models\\User',1,'{\"attributes\": {\"nama\": \"MUNAWWAR\", \"nisn\": \"0114635618\", \"kelas\": \"IX B\", \"jurusan\": null, \"tahun_ajaran\": \"2025/2026\", \"status_kelulusan\": \"lulus\"}}','[]','2026-05-30 07:26:43','2026-05-30 07:26:43'),(49,'default','created','App\\Models\\Siswa',47,'created','App\\Models\\User',1,'{\"attributes\": {\"nama\": \"NOR PAZRI\", \"nisn\": \"0098074553\", \"kelas\": \"IX B\", \"jurusan\": null, \"tahun_ajaran\": \"2025/2026\", \"status_kelulusan\": \"lulus\"}}','[]','2026-05-30 07:26:43','2026-05-30 07:26:43'),(50,'default','created','App\\Models\\Siswa',48,'created','App\\Models\\User',1,'{\"attributes\": {\"nama\": \"RAHMAN\", \"nisn\": \"3095742601\", \"kelas\": \"IX B\", \"jurusan\": null, \"tahun_ajaran\": \"2025/2026\", \"status_kelulusan\": \"lulus\"}}','[]','2026-05-30 07:26:43','2026-05-30 07:26:43'),(51,'default','created','App\\Models\\Siswa',49,'created','App\\Models\\User',1,'{\"attributes\": {\"nama\": \"REZADIL KHAIR\", \"nisn\": \"0106819513\", \"kelas\": \"IX B\", \"jurusan\": null, \"tahun_ajaran\": \"2025/2026\", \"status_kelulusan\": \"lulus\"}}','[]','2026-05-30 07:26:43','2026-05-30 07:26:43'),(52,'default','created','App\\Models\\Siswa',50,'created','App\\Models\\User',1,'{\"attributes\": {\"nama\": \"YUSUF ANSHARI\", \"nisn\": \"3114827797\", \"kelas\": \"IX B\", \"jurusan\": null, \"tahun_ajaran\": \"2025/2026\", \"status_kelulusan\": \"lulus\"}}','[]','2026-05-30 07:26:43','2026-05-30 07:26:43'),(53,'default','created','App\\Models\\Siswa',51,'created','App\\Models\\User',1,'{\"attributes\": {\"nama\": \"ABDULLAH\", \"nisn\": \"3114922776\", \"kelas\": \"IX C\", \"jurusan\": null, \"tahun_ajaran\": \"2025/2026\", \"status_kelulusan\": \"lulus\"}}','[]','2026-05-30 07:26:43','2026-05-30 07:26:43'),(54,'default','created','App\\Models\\Siswa',52,'created','App\\Models\\User',1,'{\"attributes\": {\"nama\": \"AIDA AMELIA\", \"nisn\": \"0101745435\", \"kelas\": \"IX C\", \"jurusan\": null, \"tahun_ajaran\": \"2025/2026\", \"status_kelulusan\": \"lulus\"}}','[]','2026-05-30 07:26:43','2026-05-30 07:26:43'),(55,'default','created','App\\Models\\Siswa',53,'created','App\\Models\\User',1,'{\"attributes\": {\"nama\": \"AISHA NURSYIFA\", \"nisn\": \"3110077856\", \"kelas\": \"IX C\", \"jurusan\": null, \"tahun_ajaran\": \"2025/2026\", \"status_kelulusan\": \"lulus\"}}','[]','2026-05-30 07:26:43','2026-05-30 07:26:43'),(56,'default','created','App\\Models\\Siswa',54,'created','App\\Models\\User',1,'{\"attributes\": {\"nama\": \"AISYAH\", \"nisn\": \"0102512968\", \"kelas\": \"IX C\", \"jurusan\": null, \"tahun_ajaran\": \"2025/2026\", \"status_kelulusan\": \"lulus\"}}','[]','2026-05-30 07:26:43','2026-05-30 07:26:43'),(57,'default','created','App\\Models\\Siswa',55,'created','App\\Models\\User',1,'{\"attributes\": {\"nama\": \"ALFIAN\", \"nisn\": \"0105175782\", \"kelas\": \"IX C\", \"jurusan\": null, \"tahun_ajaran\": \"2025/2026\", \"status_kelulusan\": \"lulus\"}}','[]','2026-05-30 07:26:43','2026-05-30 07:26:43'),(58,'default','created','App\\Models\\Siswa',56,'created','App\\Models\\User',1,'{\"attributes\": {\"nama\": \"ALYA AFIFAH\", \"nisn\": \"0114226315\", \"kelas\": \"IX C\", \"jurusan\": null, \"tahun_ajaran\": \"2025/2026\", \"status_kelulusan\": \"lulus\"}}','[]','2026-05-30 07:26:43','2026-05-30 07:26:43'),(59,'default','created','App\\Models\\Siswa',57,'created','App\\Models\\User',1,'{\"attributes\": {\"nama\": \"ARRAYYAN SYA\' BAN\", \"nisn\": \"0116264989\", \"kelas\": \"IX C\", \"jurusan\": null, \"tahun_ajaran\": \"2025/2026\", \"status_kelulusan\": \"lulus\"}}','[]','2026-05-30 07:26:43','2026-05-30 07:26:43'),(60,'default','created','App\\Models\\Siswa',58,'created','App\\Models\\User',1,'{\"attributes\": {\"nama\": \"AULIA\", \"nisn\": \"3117110097\", \"kelas\": \"IX C\", \"jurusan\": null, \"tahun_ajaran\": \"2025/2026\", \"status_kelulusan\": \"lulus\"}}','[]','2026-05-30 07:26:43','2026-05-30 07:26:43'),(61,'default','created','App\\Models\\Siswa',59,'created','App\\Models\\User',1,'{\"attributes\": {\"nama\": \"AULIYA JANNAH\", \"nisn\": \"3115581246\", \"kelas\": \"IX C\", \"jurusan\": null, \"tahun_ajaran\": \"2025/2026\", \"status_kelulusan\": \"lulus\"}}','[]','2026-05-30 07:26:43','2026-05-30 07:26:43'),(62,'default','created','App\\Models\\Siswa',60,'created','App\\Models\\User',1,'{\"attributes\": {\"nama\": \"DARMAN\", \"nisn\": \"0112399423\", \"kelas\": \"IX C\", \"jurusan\": null, \"tahun_ajaran\": \"2025/2026\", \"status_kelulusan\": \"lulus\"}}','[]','2026-05-30 07:26:43','2026-05-30 07:26:43'),(63,'default','created','App\\Models\\Siswa',61,'created','App\\Models\\User',1,'{\"attributes\": {\"nama\": \"GERALD HERNANDEZ\", \"nisn\": \"0095150044\", \"kelas\": \"IX C\", \"jurusan\": null, \"tahun_ajaran\": \"2025/2026\", \"status_kelulusan\": \"lulus\"}}','[]','2026-05-30 07:26:43','2026-05-30 07:26:43'),(64,'default','created','App\\Models\\Siswa',62,'created','App\\Models\\User',1,'{\"attributes\": {\"nama\": \"HALIPAH\", \"nisn\": \"0112173886\", \"kelas\": \"IX C\", \"jurusan\": null, \"tahun_ajaran\": \"2025/2026\", \"status_kelulusan\": \"lulus\"}}','[]','2026-05-30 07:26:43','2026-05-30 07:26:43'),(65,'default','created','App\\Models\\Siswa',63,'created','App\\Models\\User',1,'{\"attributes\": {\"nama\": \"HERI ADITIA\", \"nisn\": \"3102736039\", \"kelas\": \"IX C\", \"jurusan\": null, \"tahun_ajaran\": \"2025/2026\", \"status_kelulusan\": \"lulus\"}}','[]','2026-05-30 07:26:43','2026-05-30 07:26:43'),(66,'default','created','App\\Models\\Siswa',64,'created','App\\Models\\User',1,'{\"attributes\": {\"nama\": \"ISRA FATIMAH\", \"nisn\": \"3108716134\", \"kelas\": \"IX C\", \"jurusan\": null, \"tahun_ajaran\": \"2025/2026\", \"status_kelulusan\": \"lulus\"}}','[]','2026-05-30 07:26:43','2026-05-30 07:26:43'),(67,'default','created','App\\Models\\Siswa',65,'created','App\\Models\\User',1,'{\"attributes\": {\"nama\": \"KRISNA DAMIANO\", \"nisn\": \"0115894766\", \"kelas\": \"IX C\", \"jurusan\": null, \"tahun_ajaran\": \"2025/2026\", \"status_kelulusan\": \"lulus\"}}','[]','2026-05-30 07:26:43','2026-05-30 07:26:43'),(68,'default','created','App\\Models\\Siswa',66,'created','App\\Models\\User',1,'{\"attributes\": {\"nama\": \"LIDYA PRACISKA\", \"nisn\": \"3116988706\", \"kelas\": \"IX C\", \"jurusan\": null, \"tahun_ajaran\": \"2025/2026\", \"status_kelulusan\": \"lulus\"}}','[]','2026-05-30 07:26:43','2026-05-30 07:26:43'),(69,'default','created','App\\Models\\Siswa',67,'created','App\\Models\\User',1,'{\"attributes\": {\"nama\": \"MAGDALENA\", \"nisn\": \"0105838368\", \"kelas\": \"IX C\", \"jurusan\": null, \"tahun_ajaran\": \"2025/2026\", \"status_kelulusan\": \"lulus\"}}','[]','2026-05-30 07:26:43','2026-05-30 07:26:43'),(70,'default','created','App\\Models\\Siswa',68,'created','App\\Models\\User',1,'{\"attributes\": {\"nama\": \"MUHAMAD RASIDI\", \"nisn\": \"3103324114\", \"kelas\": \"IX C\", \"jurusan\": null, \"tahun_ajaran\": \"2025/2026\", \"status_kelulusan\": \"lulus\"}}','[]','2026-05-30 07:26:43','2026-05-30 07:26:43'),(71,'default','created','App\\Models\\Siswa',69,'created','App\\Models\\User',1,'{\"attributes\": {\"nama\": \"MUHAMMAD A\'INUL HADI\", \"nisn\": \"3111525616\", \"kelas\": \"IX C\", \"jurusan\": null, \"tahun_ajaran\": \"2025/2026\", \"status_kelulusan\": \"lulus\"}}','[]','2026-05-30 07:26:43','2026-05-30 07:26:43'),(72,'default','created','App\\Models\\Siswa',70,'created','App\\Models\\User',1,'{\"attributes\": {\"nama\": \"MUHAMMAD HAIDIR\", \"nisn\": \"3102496284\", \"kelas\": \"IX C\", \"jurusan\": null, \"tahun_ajaran\": \"2025/2026\", \"status_kelulusan\": \"lulus\"}}','[]','2026-05-30 07:26:43','2026-05-30 07:26:43'),(73,'default','created','App\\Models\\Siswa',71,'created','App\\Models\\User',1,'{\"attributes\": {\"nama\": \"MUTIA\", \"nisn\": \"3128137084\", \"kelas\": \"IX C\", \"jurusan\": null, \"tahun_ajaran\": \"2025/2026\", \"status_kelulusan\": \"lulus\"}}','[]','2026-05-30 07:26:43','2026-05-30 07:26:43'),(74,'default','created','App\\Models\\Siswa',72,'created','App\\Models\\User',1,'{\"attributes\": {\"nama\": \"NAZMATUL MUNIRAH\", \"nisn\": \"0097888195\", \"kelas\": \"IX C\", \"jurusan\": null, \"tahun_ajaran\": \"2025/2026\", \"status_kelulusan\": \"lulus\"}}','[]','2026-05-30 07:26:43','2026-05-30 07:26:43'),(75,'default','created','App\\Models\\Siswa',73,'created','App\\Models\\User',1,'{\"attributes\": {\"nama\": \"NOR ASSHAFA\", \"nisn\": \"3097827552\", \"kelas\": \"IX C\", \"jurusan\": null, \"tahun_ajaran\": \"2025/2026\", \"status_kelulusan\": \"lulus\"}}','[]','2026-05-30 07:26:43','2026-05-30 07:26:43'),(76,'default','created','App\\Models\\Siswa',74,'created','App\\Models\\User',1,'{\"attributes\": {\"nama\": \"NOR HADI\", \"nisn\": \"3102890730\", \"kelas\": \"IX C\", \"jurusan\": null, \"tahun_ajaran\": \"2025/2026\", \"status_kelulusan\": \"lulus\"}}','[]','2026-05-30 07:26:43','2026-05-30 07:26:43'),(77,'default','created','App\\Models\\Siswa',75,'created','App\\Models\\User',1,'{\"attributes\": {\"nama\": \"RAUDHATUL JANNAH\", \"nisn\": \"0118557173\", \"kelas\": \"IX C\", \"jurusan\": null, \"tahun_ajaran\": \"2025/2026\", \"status_kelulusan\": \"lulus\"}}','[]','2026-05-30 07:26:43','2026-05-30 07:26:43'),(78,'default','created','App\\Models\\Siswa',76,'created','App\\Models\\User',1,'{\"attributes\": {\"nama\": \"SITI SALIKAH\", \"nisn\": \"0109229345\", \"kelas\": \"IX C\", \"jurusan\": null, \"tahun_ajaran\": \"2025/2026\", \"status_kelulusan\": \"lulus\"}}','[]','2026-05-30 07:26:43','2026-05-30 07:26:43'),(79,'default','created','App\\Models\\Siswa',77,'created','App\\Models\\User',1,'{\"attributes\": {\"nama\": \"UMAYIRA\", \"nisn\": \"0111525810\", \"kelas\": \"IX C\", \"jurusan\": null, \"tahun_ajaran\": \"2025/2026\", \"status_kelulusan\": \"lulus\"}}','[]','2026-05-30 07:26:43','2026-05-30 07:26:43'),(80,'default','created','App\\Models\\Siswa',78,'created','App\\Models\\User',1,'{\"attributes\": {\"nama\": \"WULAN SINTIASARI\", \"nisn\": \"0118616672\", \"kelas\": \"IX C\", \"jurusan\": null, \"tahun_ajaran\": \"2025/2026\", \"status_kelulusan\": \"lulus\"}}','[]','2026-05-30 07:26:43','2026-05-30 07:26:43'),(81,'default','created','App\\Models\\Siswa',79,'created','App\\Models\\User',1,'{\"attributes\": {\"nama\": \"YASMIN\", \"nisn\": \"3103961073\", \"kelas\": \"IX C\", \"jurusan\": null, \"tahun_ajaran\": \"2025/2026\", \"status_kelulusan\": \"lulus\"}}','[]','2026-05-30 07:26:43','2026-05-30 07:26:43'),(82,'default','created','App\\Models\\Siswa',80,'created','App\\Models\\User',1,'{\"attributes\": {\"nama\": \"AHMAD ALI HUSIEN\", \"nisn\": \"0111722464\", \"kelas\": \"IX D\", \"jurusan\": null, \"tahun_ajaran\": \"2025/2026\", \"status_kelulusan\": \"lulus\"}}','[]','2026-05-30 07:26:43','2026-05-30 07:26:43'),(83,'default','created','App\\Models\\Siswa',81,'created','App\\Models\\User',1,'{\"attributes\": {\"nama\": \"AHMAD FAUZAN\", \"nisn\": \"0099901626\", \"kelas\": \"IX D\", \"jurusan\": null, \"tahun_ajaran\": \"2025/2026\", \"status_kelulusan\": \"lulus\"}}','[]','2026-05-30 07:26:43','2026-05-30 07:26:43'),(84,'default','created','App\\Models\\Siswa',82,'created','App\\Models\\User',1,'{\"attributes\": {\"nama\": \"AHMAD HUMAIDI AKRAM\", \"nisn\": \"0118490856\", \"kelas\": \"IX D\", \"jurusan\": null, \"tahun_ajaran\": \"2025/2026\", \"status_kelulusan\": \"lulus\"}}','[]','2026-05-30 07:26:43','2026-05-30 07:26:43'),(85,'default','created','App\\Models\\Siswa',83,'created','App\\Models\\User',1,'{\"attributes\": {\"nama\": \"AHMAD JAUHARI\", \"nisn\": \"0108605403\", \"kelas\": \"IX D\", \"jurusan\": null, \"tahun_ajaran\": \"2025/2026\", \"status_kelulusan\": \"lulus\"}}','[]','2026-05-30 07:26:43','2026-05-30 07:26:43'),(86,'default','created','App\\Models\\Siswa',84,'created','App\\Models\\User',1,'{\"attributes\": {\"nama\": \"AHMAD RIFAI\", \"nisn\": \"3100887382\", \"kelas\": \"IX D\", \"jurusan\": null, \"tahun_ajaran\": \"2025/2026\", \"status_kelulusan\": \"lulus\"}}','[]','2026-05-30 07:26:43','2026-05-30 07:26:43'),(87,'default','created','App\\Models\\Siswa',85,'created','App\\Models\\User',1,'{\"attributes\": {\"nama\": \"AHMAD RIFKI\", \"nisn\": \"0118330693\", \"kelas\": \"IX D\", \"jurusan\": null, \"tahun_ajaran\": \"2025/2026\", \"status_kelulusan\": \"lulus\"}}','[]','2026-05-30 07:26:43','2026-05-30 07:26:43'),(88,'default','created','App\\Models\\Siswa',86,'created','App\\Models\\User',1,'{\"attributes\": {\"nama\": \"AMIRA MAHPIDAH\", \"nisn\": \"0115205567\", \"kelas\": \"IX D\", \"jurusan\": null, \"tahun_ajaran\": \"2025/2026\", \"status_kelulusan\": \"lulus\"}}','[]','2026-05-30 07:26:43','2026-05-30 07:26:43'),(89,'default','created','App\\Models\\Siswa',87,'created','App\\Models\\User',1,'{\"attributes\": {\"nama\": \"BAYTI\", \"nisn\": \"3118372933\", \"kelas\": \"IX D\", \"jurusan\": null, \"tahun_ajaran\": \"2025/2026\", \"status_kelulusan\": \"lulus\"}}','[]','2026-05-30 07:26:43','2026-05-30 07:26:43'),(90,'default','created','App\\Models\\Siswa',88,'created','App\\Models\\User',1,'{\"attributes\": {\"nama\": \"DAHLIA\", \"nisn\": \"0118538195\", \"kelas\": \"IX D\", \"jurusan\": null, \"tahun_ajaran\": \"2025/2026\", \"status_kelulusan\": \"lulus\"}}','[]','2026-05-30 07:26:43','2026-05-30 07:26:43'),(91,'default','created','App\\Models\\Siswa',89,'created','App\\Models\\User',1,'{\"attributes\": {\"nama\": \"DENY ANUGRAH\", \"nisn\": \"0115156733\", \"kelas\": \"IX D\", \"jurusan\": null, \"tahun_ajaran\": \"2025/2026\", \"status_kelulusan\": \"lulus\"}}','[]','2026-05-30 07:26:43','2026-05-30 07:26:43'),(92,'default','created','App\\Models\\Siswa',90,'created','App\\Models\\User',1,'{\"attributes\": {\"nama\": \"DIMAS\", \"nisn\": \"0117860571\", \"kelas\": \"IX D\", \"jurusan\": null, \"tahun_ajaran\": \"2025/2026\", \"status_kelulusan\": \"lulus\"}}','[]','2026-05-30 07:26:43','2026-05-30 07:26:43'),(93,'default','created','App\\Models\\Siswa',91,'created','App\\Models\\User',1,'{\"attributes\": {\"nama\": \"FEBI WULANDARI SAFITRI\", \"nisn\": \"3127733939\", \"kelas\": \"IX D\", \"jurusan\": null, \"tahun_ajaran\": \"2025/2026\", \"status_kelulusan\": \"lulus\"}}','[]','2026-05-30 07:26:43','2026-05-30 07:26:43'),(94,'default','created','App\\Models\\Siswa',92,'created','App\\Models\\User',1,'{\"attributes\": {\"nama\": \"HASNA HAFIZAH\", \"nisn\": \"0114967148\", \"kelas\": \"IX D\", \"jurusan\": null, \"tahun_ajaran\": \"2025/2026\", \"status_kelulusan\": \"lulus\"}}','[]','2026-05-30 07:26:43','2026-05-30 07:26:43'),(95,'default','created','App\\Models\\Siswa',93,'created','App\\Models\\User',1,'{\"attributes\": {\"nama\": \"LEVIANA ZAHRA\", \"nisn\": \"0116692578\", \"kelas\": \"IX D\", \"jurusan\": null, \"tahun_ajaran\": \"2025/2026\", \"status_kelulusan\": \"lulus\"}}','[]','2026-05-30 07:26:43','2026-05-30 07:26:43'),(96,'default','created','App\\Models\\Siswa',94,'created','App\\Models\\User',1,'{\"attributes\": {\"nama\": \"MUHAMMAD DAFFA ADZIKRA\", \"nisn\": \"3114769797\", \"kelas\": \"IX D\", \"jurusan\": null, \"tahun_ajaran\": \"2025/2026\", \"status_kelulusan\": \"lulus\"}}','[]','2026-05-30 07:26:43','2026-05-30 07:26:43'),(97,'default','created','App\\Models\\Siswa',95,'created','App\\Models\\User',1,'{\"attributes\": {\"nama\": \"MUHAMMAD RAMADANI\", \"nisn\": \"0114823839\", \"kelas\": \"IX D\", \"jurusan\": null, \"tahun_ajaran\": \"2025/2026\", \"status_kelulusan\": \"lulus\"}}','[]','2026-05-30 07:26:43','2026-05-30 07:26:43'),(98,'default','created','App\\Models\\Siswa',96,'created','App\\Models\\User',1,'{\"attributes\": {\"nama\": \"MUHAMMAD RAMDANI\", \"nisn\": \"0117068496\", \"kelas\": \"IX D\", \"jurusan\": null, \"tahun_ajaran\": \"2025/2026\", \"status_kelulusan\": \"lulus\"}}','[]','2026-05-30 07:26:43','2026-05-30 07:26:43'),(99,'default','created','App\\Models\\Siswa',97,'created','App\\Models\\User',1,'{\"attributes\": {\"nama\": \"MUHAMMAD ZAHIR RAMADHAN\", \"nisn\": \"0118815655\", \"kelas\": \"IX D\", \"jurusan\": null, \"tahun_ajaran\": \"2025/2026\", \"status_kelulusan\": \"lulus\"}}','[]','2026-05-30 07:26:43','2026-05-30 07:26:43'),(100,'default','created','App\\Models\\Siswa',98,'created','App\\Models\\User',1,'{\"attributes\": {\"nama\": \"NUR CAHAYA\", \"nisn\": \"0101577538\", \"kelas\": \"IX D\", \"jurusan\": null, \"tahun_ajaran\": \"2025/2026\", \"status_kelulusan\": \"lulus\"}}','[]','2026-05-30 07:26:43','2026-05-30 07:26:43'),(101,'default','created','App\\Models\\Siswa',99,'created','App\\Models\\User',1,'{\"attributes\": {\"nama\": \"PATIMAH TUNGGAL DEWI\", \"nisn\": \"3113274479\", \"kelas\": \"IX D\", \"jurusan\": null, \"tahun_ajaran\": \"2025/2026\", \"status_kelulusan\": \"lulus\"}}','[]','2026-05-30 07:26:43','2026-05-30 07:26:43'),(102,'default','created','App\\Models\\Siswa',100,'created','App\\Models\\User',1,'{\"attributes\": {\"nama\": \"RABIYATUL\", \"nisn\": \"3116696644\", \"kelas\": \"IX D\", \"jurusan\": null, \"tahun_ajaran\": \"2025/2026\", \"status_kelulusan\": \"lulus\"}}','[]','2026-05-30 07:26:43','2026-05-30 07:26:43'),(103,'default','created','App\\Models\\Siswa',101,'created','App\\Models\\User',1,'{\"attributes\": {\"nama\": \"RAKHA AR RAYAN\", \"nisn\": \"0104443346\", \"kelas\": \"IX D\", \"jurusan\": null, \"tahun_ajaran\": \"2025/2026\", \"status_kelulusan\": \"lulus\"}}','[]','2026-05-30 07:26:43','2026-05-30 07:26:43'),(104,'default','created','App\\Models\\Siswa',102,'created','App\\Models\\User',1,'{\"attributes\": {\"nama\": \"RAUDAH\", \"nisn\": \"0108374729\", \"kelas\": \"IX D\", \"jurusan\": null, \"tahun_ajaran\": \"2025/2026\", \"status_kelulusan\": \"lulus\"}}','[]','2026-05-30 07:26:43','2026-05-30 07:26:43'),(105,'default','created','App\\Models\\Siswa',103,'created','App\\Models\\User',1,'{\"attributes\": {\"nama\": \"SALMA HUMAIRA\", \"nisn\": \"0119327760\", \"kelas\": \"IX D\", \"jurusan\": null, \"tahun_ajaran\": \"2025/2026\", \"status_kelulusan\": \"lulus\"}}','[]','2026-05-30 07:26:43','2026-05-30 07:26:43'),(106,'default','created','App\\Models\\Siswa',104,'created','App\\Models\\User',1,'{\"attributes\": {\"nama\": \"SITI AISYAH\", \"nisn\": \"0119959086\", \"kelas\": \"IX D\", \"jurusan\": null, \"tahun_ajaran\": \"2025/2026\", \"status_kelulusan\": \"lulus\"}}','[]','2026-05-30 07:26:43','2026-05-30 07:26:43'),(107,'default','created','App\\Models\\Siswa',105,'created','App\\Models\\User',1,'{\"attributes\": {\"nama\": \"SITI NUR AISYAH\", \"nisn\": \"3104112651\", \"kelas\": \"IX D\", \"jurusan\": null, \"tahun_ajaran\": \"2025/2026\", \"status_kelulusan\": \"lulus\"}}','[]','2026-05-30 07:26:43','2026-05-30 07:26:43'),(108,'default','siswa_imported: 105 record',NULL,NULL,NULL,'App\\Models\\User',1,'[]','[]','2026-05-30 07:26:43','2026-05-30 07:26:43'),(109,'default','zip_uploaded: 25 file diekstrak - pas_foto',NULL,NULL,NULL,'App\\Models\\User',1,'[]','[]','2026-05-30 07:27:31','2026-05-30 07:27:31'),(110,'default','zip_uploaded: 24 file diekstrak - pas_foto',NULL,NULL,NULL,'App\\Models\\User',1,'[]','[]','2026-05-30 07:38:01','2026-05-30 07:38:01'),(111,'default','zip_uploaded: 26 file diekstrak - pas_foto',NULL,NULL,NULL,'App\\Models\\User',1,'[]','[]','2026-05-30 07:47:33','2026-05-30 07:47:33'),(112,'default','updated','App\\Models\\Siswa',74,'updated','App\\Models\\User',1,'{\"old\": {\"status_kelulusan\": \"lulus\"}, \"attributes\": {\"status_kelulusan\": \"tidak_lulus\"}}','[]','2026-05-30 07:48:50','2026-05-30 07:48:50'),(113,'default','siswa_updated','App\\Models\\Siswa',74,NULL,'App\\Models\\User',1,'[]','[]','2026-05-30 07:48:50','2026-05-30 07:48:50'),(114,'default','updated','App\\Models\\Siswa',72,'updated','App\\Models\\User',1,'{\"old\": {\"status_kelulusan\": \"lulus\"}, \"attributes\": {\"status_kelulusan\": \"tidak_lulus\"}}','[]','2026-05-30 07:49:07','2026-05-30 07:49:07'),(115,'default','siswa_updated','App\\Models\\Siswa',72,NULL,'App\\Models\\User',1,'[]','[]','2026-05-30 07:49:07','2026-05-30 07:49:07'),(116,'default','zip_uploaded: 26 file diekstrak - pas_foto',NULL,NULL,NULL,'App\\Models\\User',1,'[]','[]','2026-05-30 07:54:06','2026-05-30 07:54:06'),(117,'default','admin_login',NULL,NULL,NULL,'App\\Models\\User',1,'[]','[]','2026-06-01 15:27:48','2026-06-01 15:27:48'),(118,'default','zip_uploaded: 26 file diekstrak - surat_lulus',NULL,NULL,NULL,'App\\Models\\User',1,'[]','[]','2026-06-01 15:28:25','2026-06-01 15:28:25'),(119,'default','zip_uploaded: 24 file diekstrak - surat_lulus',NULL,NULL,NULL,'App\\Models\\User',1,'[]','[]','2026-06-01 15:29:32','2026-06-01 15:29:32'),(120,'default','zip_uploaded: 26 file diekstrak - surat_lulus',NULL,NULL,NULL,'App\\Models\\User',1,'[]','[]','2026-06-01 15:29:41','2026-06-01 15:29:41'),(121,'default','zip_uploaded: 26 file diekstrak - surat_lulus',NULL,NULL,NULL,'App\\Models\\User',1,'[]','[]','2026-06-01 15:29:58','2026-06-01 15:29:58'),(122,'default','zip_uploaded: 101 file diekstrak - surat_berkelakuan_baik',NULL,NULL,NULL,'App\\Models\\User',1,'[]','[]','2026-06-01 16:59:27','2026-06-01 16:59:27');

--
-- Table structure for table `dokumen_siswa`
--

CREATE TABLE `dokumen_siswa` (
  `id` bigint unsigned NOT NULL AUTO_INCREMENT,
  `siswa_id` bigint unsigned NOT NULL,
  `jenis_dokumen` enum('surat_berkelakuan_baik','surat_lulus','transkrip_nilai','pas_foto') COLLATE utf8mb4_unicode_ci NOT NULL,
  `file_path` varchar(255) COLLATE utf8mb4_unicode_ci NOT NULL,
  `file_name` varchar(255) COLLATE utf8mb4_unicode_ci NOT NULL,
  `mime_type` varchar(50) COLLATE utf8mb4_unicode_ci DEFAULT NULL,
  `file_size` bigint unsigned DEFAULT NULL,
  `created_at` timestamp NULL DEFAULT NULL,
  `updated_at` timestamp NULL DEFAULT NULL,
  PRIMARY KEY (`id`),
  UNIQUE KEY `dokumen_siswa_siswa_id_jenis_dokumen_unique` (`siswa_id`,`jenis_dokumen`),
  KEY `dokumen_siswa_siswa_id_jenis_dokumen_index` (`siswa_id`,`jenis_dokumen`),
  CONSTRAINT `dokumen_siswa_siswa_id_foreign` FOREIGN KEY (`siswa_id`) REFERENCES `siswa` (`id`) ON DELETE CASCADE
) ENGINE=InnoDB AUTO_INCREMENT=305 DEFAULT CHARSET=utf8mb4 COLLATE=utf8mb4_unicode_ci;

--
-- Dumping data for table `dokumen_siswa`
--

INSERT INTO `dokumen_siswa` VALUES (1,1,'pas_foto','uploads/dokumen/0108753448/pas_foto.jpg','pas_foto.jpg','image/jpeg',33453,'2026-05-30 07:27:07','2026-05-30 07:27:07'),(2,2,'pas_foto','uploads/dokumen/3118947315/pas_foto.jpg','pas_foto.jpg','image/jpeg',34070,'2026-05-30 07:27:08','2026-05-30 07:27:08'),(3,3,'pas_foto','uploads/dokumen/0111411864/pas_foto.jpg','pas_foto.jpg','image/jpeg',40150,'2026-05-30 07:27:09','2026-05-30 07:27:09'),(4,4,'pas_foto','uploads/dokumen/0108895866/pas_foto.jpg','pas_foto.jpg','image/jpeg',39524,'2026-05-30 07:27:10','2026-05-30 07:27:10'),(5,5,'pas_foto','uploads/dokumen/0114839804/pas_foto.jpg','pas_foto.jpg','image/jpeg',34649,'2026-05-30 07:27:11','2026-05-30 07:27:11'),(6,6,'pas_foto','uploads/dokumen/0114535661/pas_foto.jpg','pas_foto.jpg','image/jpeg',33420,'2026-05-30 07:27:12','2026-05-30 07:27:12'),(7,7,'pas_foto','uploads/dokumen/3103482214/pas_foto.jpg','pas_foto.jpg','image/jpeg',37397,'2026-05-30 07:27:13','2026-05-30 07:27:13'),(8,8,'pas_foto','uploads/dokumen/3104448260/pas_foto.jpg','pas_foto.jpg','image/jpeg',40998,'2026-05-30 07:27:15','2026-05-30 07:27:15'),(9,9,'pas_foto','uploads/dokumen/3110844442/pas_foto.jpg','pas_foto.jpg','image/jpeg',35848,'2026-05-30 07:27:16','2026-05-30 07:27:16'),(10,10,'pas_foto','uploads/dokumen/3117009040/pas_foto.jpg','pas_foto.jpg','image/jpeg',36711,'2026-05-30 07:27:17','2026-05-30 07:27:17'),(11,11,'pas_foto','uploads/dokumen/3111801578/pas_foto.jpg','pas_foto.jpg','image/jpeg',34958,'2026-05-30 07:27:18','2026-05-30 07:27:18'),(12,12,'pas_foto','uploads/dokumen/0105165970/pas_foto.jpg','pas_foto.jpg','image/jpeg',37979,'2026-05-30 07:27:19','2026-05-30 07:27:19'),(13,13,'pas_foto','uploads/dokumen/3114123609/pas_foto.jpg','pas_foto.jpg','image/jpeg',35247,'2026-05-30 07:27:20','2026-05-30 07:27:20'),(14,14,'pas_foto','uploads/dokumen/3100800669/pas_foto.jpg','pas_foto.jpg','image/jpeg',35668,'2026-05-30 07:27:21','2026-05-30 07:27:21'),(15,15,'pas_foto','uploads/dokumen/0102204098/pas_foto.jpg','pas_foto.jpg','image/jpeg',34097,'2026-05-30 07:27:22','2026-05-30 07:27:22'),(16,16,'pas_foto','uploads/dokumen/0117731526/pas_foto.jpg','pas_foto.jpg','image/jpeg',34824,'2026-05-30 07:27:23','2026-05-30 07:27:23'),(17,17,'pas_foto','uploads/dokumen/0119667182/pas_foto.jpg','pas_foto.jpg','image/jpeg',34634,'2026-05-30 07:27:24','2026-05-30 07:27:24'),(18,18,'pas_foto','uploads/dokumen/3105620718/pas_foto.jpg','pas_foto.jpg','image/jpeg',36403,'2026-05-30 07:27:25','2026-05-30 07:27:25'),(19,19,'pas_foto','uploads/dokumen/0109982678/pas_foto.jpg','pas_foto.jpg','image/jpeg',36048,'2026-05-30 07:27:26','2026-05-30 07:27:26'),(20,20,'pas_foto','uploads/dokumen/0106465714/pas_foto.jpg','pas_foto.jpg','image/jpeg',37206,'2026-05-30 07:27:27','2026-05-30 07:27:27'),(21,21,'pas_foto','uploads/dokumen/0109475910/pas_foto.jpg','pas_foto.jpg','image/jpeg',35314,'2026-05-30 07:27:28','2026-05-30 07:27:28'),(22,22,'pas_foto','uploads/dokumen/0102205526/pas_foto.jpg','pas_foto.jpg','image/jpeg',35473,'2026-05-30 07:27:29','2026-05-30 07:27:29'),(23,23,'pas_foto','uploads/dokumen/0106181365/pas_foto.jpg','pas_foto.jpg','image/jpeg',37431,'2026-05-30 07:27:29','2026-05-30 07:27:29'),(24,24,'pas_foto','uploads/dokumen/3115277288/pas_foto.jpg','pas_foto.jpg','image/jpeg',36042,'2026-05-30 07:27:30','2026-05-30 07:27:30'),(25,25,'pas_foto','uploads/dokumen/0107717058/pas_foto.jpg','pas_foto.jpg','image/jpeg',35127,'2026-05-30 07:27:31','2026-05-30 07:27:31'),(26,50,'pas_foto','uploads/dokumen/3114827797/pas_foto.jpg','pas_foto.jpg','image/jpeg',36022,'2026-05-30 07:37:41','2026-05-30 07:37:41'),(27,26,'pas_foto','uploads/dokumen/0105722751/pas_foto.jpg','pas_foto.jpg','image/jpeg',31326,'2026-05-30 07:37:42','2026-05-30 07:37:42'),(28,27,'pas_foto','uploads/dokumen/3117905098/pas_foto.jpg','pas_foto.jpg','image/jpeg',33795,'2026-05-30 07:37:43','2026-05-30 07:37:43'),(29,28,'pas_foto','uploads/dokumen/3112743904/pas_foto.jpg','pas_foto.jpg','image/jpeg',39413,'2026-05-30 07:37:44','2026-05-30 07:37:44'),(30,29,'pas_foto','uploads/dokumen/3106000422/pas_foto.jpg','pas_foto.jpg','image/jpeg',38278,'2026-05-30 07:37:45','2026-05-30 07:37:45'),(31,30,'pas_foto','uploads/dokumen/3104331116/pas_foto.jpg','pas_foto.jpg','image/jpeg',35313,'2026-05-30 07:37:45','2026-05-30 07:37:45'),(32,31,'pas_foto','uploads/dokumen/3112244314/pas_foto.jpg','pas_foto.jpg','image/jpeg',34156,'2026-05-30 07:37:46','2026-05-30 07:37:46'),(33,32,'pas_foto','uploads/dokumen/0112511725/pas_foto.jpg','pas_foto.jpg','image/jpeg',37672,'2026-05-30 07:37:47','2026-05-30 07:37:47'),(34,33,'pas_foto','uploads/dokumen/0104114243/pas_foto.jpg','pas_foto.jpg','image/jpeg',36771,'2026-05-30 07:37:48','2026-05-30 07:37:48'),(35,34,'pas_foto','uploads/dokumen/3117183898/pas_foto.jpg','pas_foto.jpg','image/jpeg',39652,'2026-05-30 07:37:49','2026-05-30 07:37:49'),(36,36,'pas_foto','uploads/dokumen/0103597670/pas_foto.jpg','pas_foto.jpg','image/jpeg',36625,'2026-05-30 07:37:50','2026-05-30 07:37:50'),(37,37,'pas_foto','uploads/dokumen/0116921275/pas_foto.jpg','pas_foto.jpg','image/jpeg',37081,'2026-05-30 07:37:50','2026-05-30 07:37:50'),(38,38,'pas_foto','uploads/dokumen/0111952826/pas_foto.jpg','pas_foto.jpg','image/jpeg',31956,'2026-05-30 07:37:51','2026-05-30 07:37:51'),(39,39,'pas_foto','uploads/dokumen/0108222864/pas_foto.jpg','pas_foto.jpg','image/jpeg',35973,'2026-05-30 07:37:52','2026-05-30 07:37:52'),(40,40,'pas_foto','uploads/dokumen/3103840722/pas_foto.jpg','pas_foto.jpg','image/jpeg',34065,'2026-05-30 07:37:53','2026-05-30 07:37:53'),(41,41,'pas_foto','uploads/dokumen/0108183487/pas_foto.jpg','pas_foto.jpg','image/jpeg',34130,'2026-05-30 07:37:54','2026-05-30 07:37:54'),(42,42,'pas_foto','uploads/dokumen/3114467076/pas_foto.jpg','pas_foto.jpg','image/jpeg',35843,'2026-05-30 07:37:55','2026-05-30 07:37:55'),(43,43,'pas_foto','uploads/dokumen/3110353649/pas_foto.jpg','pas_foto.jpg','image/jpeg',31041,'2026-05-30 07:37:56','2026-05-30 07:37:56'),(44,44,'pas_foto','uploads/dokumen/3118333654/pas_foto.jpg','pas_foto.jpg','image/jpeg',36050,'2026-05-30 07:37:57','2026-05-30 07:37:57'),(45,45,'pas_foto','uploads/dokumen/3111934275/pas_foto.jpg','pas_foto.jpg','image/jpeg',35286,'2026-05-30 07:37:58','2026-05-30 07:37:58'),(46,46,'pas_foto','uploads/dokumen/0114635618/pas_foto.jpg','pas_foto.jpg','image/jpeg',38585,'2026-05-30 07:37:58','2026-05-30 07:37:58'),(47,47,'pas_foto','uploads/dokumen/0098074553/pas_foto.jpg','pas_foto.jpg','image/jpeg',35684,'2026-05-30 07:37:59','2026-05-30 07:37:59'),(48,48,'pas_foto','uploads/dokumen/3095742601/pas_foto.jpg','pas_foto.jpg','image/jpeg',38761,'2026-05-30 07:38:00','2026-05-30 07:38:00'),(49,49,'pas_foto','uploads/dokumen/0106819513/pas_foto.jpg','pas_foto.jpg','image/jpeg',35950,'2026-05-30 07:38:01','2026-05-30 07:38:01'),(50,51,'pas_foto','uploads/dokumen/3114922776/pas_foto.jpg','pas_foto.jpg','image/jpeg',34897,'2026-05-30 07:47:00','2026-05-30 07:47:00'),(51,52,'pas_foto','uploads/dokumen/0101745435/pas_foto.jpg','pas_foto.jpg','image/jpeg',38497,'2026-05-30 07:47:01','2026-05-30 07:47:01'),(52,53,'pas_foto','uploads/dokumen/3110077856/pas_foto.jpg','pas_foto.jpg','image/jpeg',38687,'2026-05-30 07:47:03','2026-05-30 07:47:03'),(53,54,'pas_foto','uploads/dokumen/0102512968/pas_foto.jpg','pas_foto.jpg','image/jpeg',37097,'2026-05-30 07:47:04','2026-05-30 07:47:04'),(54,55,'pas_foto','uploads/dokumen/0105175782/pas_foto.jpg','pas_foto.jpg','image/jpeg',37125,'2026-05-30 07:47:05','2026-05-30 07:47:05'),(55,57,'pas_foto','uploads/dokumen/0116264989/pas_foto.jpg','pas_foto.jpg','image/jpeg',35979,'2026-05-30 07:47:06','2026-05-30 07:47:06'),(56,58,'pas_foto','uploads/dokumen/3117110097/pas_foto.jpg','pas_foto.jpg','image/jpeg',36443,'2026-05-30 07:47:08','2026-05-30 07:47:08'),(57,59,'pas_foto','uploads/dokumen/3115581246/pas_foto.jpg','pas_foto.jpg','image/jpeg',37800,'2026-05-30 07:47:09','2026-05-30 07:47:09'),(58,60,'pas_foto','uploads/dokumen/0112399423/pas_foto.jpg','pas_foto.jpg','image/jpeg',32804,'2026-05-30 07:47:10','2026-05-30 07:47:10'),(59,61,'pas_foto','uploads/dokumen/0095150044/pas_foto.jpg','pas_foto.jpg','image/jpeg',34921,'2026-05-30 07:47:12','2026-05-30 07:47:12'),(60,62,'pas_foto','uploads/dokumen/0112173886/pas_foto.jpg','pas_foto.jpg','image/jpeg',37524,'2026-05-30 07:47:13','2026-05-30 07:47:13'),(61,63,'pas_foto','uploads/dokumen/3102736039/pas_foto.jpg','pas_foto.jpg','image/jpeg',34194,'2026-05-30 07:47:14','2026-05-30 07:47:14'),(62,64,'pas_foto','uploads/dokumen/3108716134/pas_foto.jpg','pas_foto.jpg','image/jpeg',36295,'2026-05-30 07:47:16','2026-05-30 07:47:16'),(63,65,'pas_foto','uploads/dokumen/0115894766/pas_foto.jpg','pas_foto.jpg','image/jpeg',37156,'2026-05-30 07:47:17','2026-05-30 07:47:17'),(64,66,'pas_foto','uploads/dokumen/3116988706/pas_foto.jpg','pas_foto.jpg','image/jpeg',34959,'2026-05-30 07:47:18','2026-05-30 07:47:18'),(65,67,'pas_foto','uploads/dokumen/0105838368/pas_foto.jpg','pas_foto.jpg','image/jpeg',34975,'2026-05-30 07:47:19','2026-05-30 07:47:19'),(66,68,'pas_foto','uploads/dokumen/3103324114/pas_foto.jpg','pas_foto.jpg','image/jpeg',35518,'2026-05-30 07:47:21','2026-05-30 07:47:21'),(67,69,'pas_foto','uploads/dokumen/3111525616/pas_foto.jpg','pas_foto.jpg','image/jpeg',36165,'2026-05-30 07:47:22','2026-05-30 07:47:22'),(68,70,'pas_foto','uploads/dokumen/3102496284/pas_foto.jpg','pas_foto.jpg','image/jpeg',37635,'2026-05-30 07:47:23','2026-05-30 07:47:23'),(69,71,'pas_foto','uploads/dokumen/3128137084/pas_foto.jpg','pas_foto.jpg','image/jpeg',41252,'2026-05-30 07:47:25','2026-05-30 07:47:25'),(70,73,'pas_foto','uploads/dokumen/3097827552/pas_foto.jpg','pas_foto.jpg','image/jpeg',35075,'2026-05-30 07:47:26','2026-05-30 07:47:26'),(71,75,'pas_foto','uploads/dokumen/0118557173/pas_foto.jpg','pas_foto.jpg','image/jpeg',33916,'2026-05-30 07:47:27','2026-05-30 07:47:27'),(72,76,'pas_foto','uploads/dokumen/0109229345/pas_foto.jpg','pas_foto.jpg','image/jpeg',37132,'2026-05-30 07:47:29','2026-05-30 07:47:29'),(73,77,'pas_foto','uploads/dokumen/0111525810/pas_foto.jpg','pas_foto.jpg','image/jpeg',35267,'2026-05-30 07:47:30','2026-05-30 07:47:30'),(74,78,'pas_foto','uploads/dokumen/0118616672/pas_foto.jpg','pas_foto.jpg','image/jpeg',34182,'2026-05-30 07:47:31','2026-05-30 07:47:31'),(75,79,'pas_foto','uploads/dokumen/3103961073/pas_foto.jpg','pas_foto.jpg','image/jpeg',34627,'2026-05-30 07:47:33','2026-05-30 07:47:33'),(76,105,'pas_foto','uploads/dokumen/3104112651/pas_foto.jpg','pas_foto.jpg','image/jpeg',36585,'2026-05-30 07:53:43','2026-05-30 07:53:43'),(77,80,'pas_foto','uploads/dokumen/0111722464/pas_foto.jpg','pas_foto.jpg','image/jpeg',32226,'2026-05-30 07:53:44','2026-05-30 07:53:44'),(78,81,'pas_foto','uploads/dokumen/0099901626/pas_foto.jpg','pas_foto.jpg','image/jpeg',32527,'2026-05-30 07:53:45','2026-05-30 07:53:45'),(79,82,'pas_foto','uploads/dokumen/0118490856/pas_foto.jpg','pas_foto.jpg','image/jpeg',35972,'2026-05-30 07:53:46','2026-05-30 07:53:46'),(80,83,'pas_foto','uploads/dokumen/0108605403/pas_foto.jpg','pas_foto.jpg','image/jpeg',33662,'2026-05-30 07:53:46','2026-05-30 07:53:46'),(81,84,'pas_foto','uploads/dokumen/3100887382/pas_foto.jpg','pas_foto.jpg','image/jpeg',37847,'2026-05-30 07:53:47','2026-05-30 07:53:47'),(82,85,'pas_foto','uploads/dokumen/0118330693/pas_foto.jpg','pas_foto.jpg','image/jpeg',34596,'2026-05-30 07:53:48','2026-05-30 07:53:48'),(83,86,'pas_foto','uploads/dokumen/0115205567/pas_foto.jpg','pas_foto.jpg','image/jpeg',34182,'2026-05-30 07:53:49','2026-05-30 07:53:49'),(84,87,'pas_foto','uploads/dokumen/3118372933/pas_foto.jpg','pas_foto.jpg','image/jpeg',36449,'2026-05-30 07:53:50','2026-05-30 07:53:50'),(85,88,'pas_foto','uploads/dokumen/0118538195/pas_foto.jpg','pas_foto.jpg','image/jpeg',40916,'2026-05-30 07:53:51','2026-05-30 07:53:51'),(86,89,'pas_foto','uploads/dokumen/0115156733/pas_foto.jpg','pas_foto.jpg','image/jpeg',37976,'2026-05-30 07:53:52','2026-05-30 07:53:52'),(87,90,'pas_foto','uploads/dokumen/0117860571/pas_foto.jpg','pas_foto.jpg','image/jpeg',34310,'2026-05-30 07:53:53','2026-05-30 07:53:53'),(88,91,'pas_foto','uploads/dokumen/3127733939/pas_foto.jpg','pas_foto.jpg','image/jpeg',35329,'2026-05-30 07:53:54','2026-05-30 07:53:54'),(89,92,'pas_foto','uploads/dokumen/0114967148/pas_foto.jpg','pas_foto.jpg','image/jpeg',35723,'2026-05-30 07:53:55','2026-05-30 07:53:55'),(90,93,'pas_foto','uploads/dokumen/0116692578/pas_foto.jpg','pas_foto.jpg','image/jpeg',33461,'2026-05-30 07:53:56','2026-05-30 07:53:56'),(91,94,'pas_foto','uploads/dokumen/3114769797/pas_foto.jpg','pas_foto.jpg','image/jpeg',32193,'2026-05-30 07:53:57','2026-05-30 07:53:57'),(92,95,'pas_foto','uploads/dokumen/0114823839/pas_foto.jpg','pas_foto.jpg','image/jpeg',34560,'2026-05-30 07:53:58','2026-05-30 07:53:58'),(93,96,'pas_foto','uploads/dokumen/0117068496/pas_foto.jpg','pas_foto.jpg','image/jpeg',30645,'2026-05-30 07:53:58','2026-05-30 07:53:58'),(94,97,'pas_foto','uploads/dokumen/0118815655/pas_foto.jpg','pas_foto.jpg','image/jpeg',34899,'2026-05-30 07:53:59','2026-05-30 07:53:59'),(95,98,'pas_foto','uploads/dokumen/0101577538/pas_foto.jpg','pas_foto.jpg','image/jpeg',35032,'2026-05-30 07:54:00','2026-05-30 07:54:00'),(96,99,'pas_foto','uploads/dokumen/3113274479/pas_foto.jpg','pas_foto.jpg','image/jpeg',34898,'2026-05-30 07:54:01','2026-05-30 07:54:01'),(97,100,'pas_foto','uploads/dokumen/3116696644/pas_foto.jpg','pas_foto.jpg','image/jpeg',36790,'2026-05-30 07:54:02','2026-05-30 07:54:02'),(98,101,'pas_foto','uploads/dokumen/0104443346/pas_foto.jpg','pas_foto.jpg','image/jpeg',34654,'2026-05-30 07:54:03','2026-05-30 07:54:03'),(99,102,'pas_foto','uploads/dokumen/0108374729/pas_foto.jpg','pas_foto.jpg','image/jpeg',36606,'2026-05-30 07:54:04','2026-05-30 07:54:04'),(100,103,'pas_foto','uploads/dokumen/0119327760/pas_foto.jpg','pas_foto.jpg','image/jpeg',33257,'2026-05-30 07:54:05','2026-05-30 07:54:05'),(101,104,'pas_foto','uploads/dokumen/0119959086/pas_foto.jpg','pas_foto.jpg','image/jpeg',32862,'2026-05-30 07:54:06','2026-05-30 07:54:06'),(102,10,'surat_lulus','uploads/dokumen/3117009040/surat_lulus.pdf','surat_lulus.pdf','application/pdf',669767,'2026-06-01 15:28:25','2026-06-01 15:28:25'),(103,2,'surat_lulus','uploads/dokumen/3118947315/surat_lulus.pdf','surat_lulus.pdf','application/pdf',662224,'2026-06-01 15:28:25','2026-06-01 15:28:25'),(104,22,'surat_lulus','uploads/dokumen/0102205526/surat_lulus.pdf','surat_lulus.pdf','application/pdf',127155,'2026-06-01 15:28:25','2026-06-01 15:28:25'),(105,12,'surat_lulus','uploads/dokumen/0105165970/surat_lulus.pdf','surat_lulus.pdf','application/pdf',128705,'2026-06-01 15:28:25','2026-06-01 15:28:25'),(106,8,'surat_lulus','uploads/dokumen/3104448260/surat_lulus.pdf','surat_lulus.pdf','application/pdf',662791,'2026-06-01 15:28:25','2026-06-01 15:28:25'),(107,15,'surat_lulus','uploads/dokumen/0102204098/surat_lulus.pdf','surat_lulus.pdf','application/pdf',118443,'2026-06-01 15:28:25','2026-06-01 15:28:25'),(108,24,'surat_lulus','uploads/dokumen/3115277288/surat_lulus.pdf','surat_lulus.pdf','application/pdf',667586,'2026-06-01 15:28:25','2026-06-01 15:28:25'),(109,3,'surat_lulus','uploads/dokumen/0111411864/surat_lulus.pdf','surat_lulus.pdf','application/pdf',660771,'2026-06-01 15:28:25','2026-06-01 15:28:25'),(110,6,'surat_lulus','uploads/dokumen/0114535661/surat_lulus.pdf','surat_lulus.pdf','application/pdf',671539,'2026-06-01 15:28:25','2026-06-01 15:28:25'),(111,4,'surat_lulus','uploads/dokumen/0108895866/surat_lulus.pdf','surat_lulus.pdf','application/pdf',665811,'2026-06-01 15:28:25','2026-06-01 15:28:25'),(112,13,'surat_lulus','uploads/dokumen/3114123609/surat_lulus.pdf','surat_lulus.pdf','application/pdf',659363,'2026-06-01 15:28:25','2026-06-01 15:28:25'),(113,16,'surat_lulus','uploads/dokumen/0117731526/surat_lulus.pdf','surat_lulus.pdf','application/pdf',665237,'2026-06-01 15:28:25','2026-06-01 15:28:25'),(114,5,'surat_lulus','uploads/dokumen/0114839804/surat_lulus.pdf','surat_lulus.pdf','application/pdf',662654,'2026-06-01 15:28:25','2026-06-01 15:28:25'),(115,56,'surat_lulus','uploads/dokumen/0114226315/surat_lulus.pdf','surat_lulus.pdf','application/pdf',654884,'2026-06-01 15:28:25','2026-06-01 15:28:25'),(116,14,'surat_lulus','uploads/dokumen/3100800669/surat_lulus.pdf','surat_lulus.pdf','application/pdf',117817,'2026-06-01 15:28:25','2026-06-01 15:28:25'),(117,11,'surat_lulus','uploads/dokumen/3111801578/surat_lulus.pdf','surat_lulus.pdf','application/pdf',666637,'2026-06-01 15:28:25','2026-06-01 15:28:25'),(118,17,'surat_lulus','uploads/dokumen/0119667182/surat_lulus.pdf','surat_lulus.pdf','application/pdf',118444,'2026-06-01 15:28:25','2026-06-01 15:28:25'),(119,7,'surat_lulus','uploads/dokumen/3103482214/surat_lulus.pdf','surat_lulus.pdf','application/pdf',666014,'2026-06-01 15:28:25','2026-06-01 15:28:25'),(120,20,'surat_lulus','uploads/dokumen/0106465714/surat_lulus.pdf','surat_lulus.pdf','application/pdf',663480,'2026-06-01 15:28:25','2026-06-01 15:28:25'),(121,9,'surat_lulus','uploads/dokumen/3110844442/surat_lulus.pdf','surat_lulus.pdf','application/pdf',667787,'2026-06-01 15:28:25','2026-06-01 15:28:25'),(122,18,'surat_lulus','uploads/dokumen/3105620718/surat_lulus.pdf','surat_lulus.pdf','application/pdf',118861,'2026-06-01 15:28:25','2026-06-01 15:28:25'),(123,1,'surat_lulus','uploads/dokumen/0108753448/surat_lulus.pdf','surat_lulus.pdf','application/pdf',671738,'2026-06-01 15:28:25','2026-06-01 15:28:25'),(124,21,'surat_lulus','uploads/dokumen/0109475910/surat_lulus.pdf','surat_lulus.pdf','application/pdf',128073,'2026-06-01 15:28:25','2026-06-01 15:28:25'),(125,23,'surat_lulus','uploads/dokumen/0106181365/surat_lulus.pdf','surat_lulus.pdf','application/pdf',118075,'2026-06-01 15:28:25','2026-06-01 15:28:25'),(126,19,'surat_lulus','uploads/dokumen/0109982678/surat_lulus.pdf','surat_lulus.pdf','application/pdf',670718,'2026-06-01 15:28:25','2026-06-01 15:28:25'),(127,25,'surat_lulus','uploads/dokumen/0107717058/surat_lulus.pdf','surat_lulus.pdf','application/pdf',674699,'2026-06-01 15:28:25','2026-06-01 15:28:25'),(128,44,'surat_lulus','uploads/dokumen/3118333654/surat_lulus.pdf','surat_lulus.pdf','application/pdf',127005,'2026-06-01 15:29:32','2026-06-01 15:29:32'),(129,33,'surat_lulus','uploads/dokumen/0104114243/surat_lulus.pdf','surat_lulus.pdf','application/pdf',667608,'2026-06-01 15:29:32','2026-06-01 15:29:32'),(130,28,'surat_lulus','uploads/dokumen/3112743904/surat_lulus.pdf','surat_lulus.pdf','application/pdf',117482,'2026-06-01 15:29:32','2026-06-01 15:29:32'),(131,30,'surat_lulus','uploads/dokumen/3104331116/surat_lulus.pdf','surat_lulus.pdf','application/pdf',667693,'2026-06-01 15:29:32','2026-06-01 15:29:32'),(132,27,'surat_lulus','uploads/dokumen/3117905098/surat_lulus.pdf','surat_lulus.pdf','application/pdf',118713,'2026-06-01 15:29:32','2026-06-01 15:29:32'),(133,50,'surat_lulus','uploads/dokumen/3114827797/surat_lulus.pdf','surat_lulus.pdf','application/pdf',127486,'2026-06-01 15:29:32','2026-06-01 15:29:32'),(134,42,'surat_lulus','uploads/dokumen/3114467076/surat_lulus.pdf','surat_lulus.pdf','application/pdf',667896,'2026-06-01 15:29:32','2026-06-01 15:29:32'),(135,34,'surat_lulus','uploads/dokumen/3117183898/surat_lulus.pdf','surat_lulus.pdf','application/pdf',127092,'2026-06-01 15:29:32','2026-06-01 15:29:32'),(136,49,'surat_lulus','uploads/dokumen/0106819513/surat_lulus.pdf','surat_lulus.pdf','application/pdf',665133,'2026-06-01 15:29:32','2026-06-01 15:29:32'),(137,29,'surat_lulus','uploads/dokumen/3106000422/surat_lulus.pdf','surat_lulus.pdf','application/pdf',660255,'2026-06-01 15:29:32','2026-06-01 15:29:32'),(138,26,'surat_lulus','uploads/dokumen/0105722751/surat_lulus.pdf','surat_lulus.pdf','application/pdf',665355,'2026-06-01 15:29:32','2026-06-01 15:29:32'),(139,46,'surat_lulus','uploads/dokumen/0114635618/surat_lulus.pdf','surat_lulus.pdf','application/pdf',658035,'2026-06-01 15:29:32','2026-06-01 15:29:32'),(140,47,'surat_lulus','uploads/dokumen/0098074553/surat_lulus.pdf','surat_lulus.pdf','application/pdf',662688,'2026-06-01 15:29:32','2026-06-01 15:29:32'),(141,41,'surat_lulus','uploads/dokumen/0108183487/surat_lulus.pdf','surat_lulus.pdf','application/pdf',668400,'2026-06-01 15:29:32','2026-06-01 15:29:32'),(142,43,'surat_lulus','uploads/dokumen/3110353649/surat_lulus.pdf','surat_lulus.pdf','application/pdf',668994,'2026-06-01 15:29:32','2026-06-01 15:29:32'),(143,45,'surat_lulus','uploads/dokumen/3111934275/surat_lulus.pdf','surat_lulus.pdf','application/pdf',669244,'2026-06-01 15:29:32','2026-06-01 15:29:32'),(144,40,'surat_lulus','uploads/dokumen/3103840722/surat_lulus.pdf','surat_lulus.pdf','application/pdf',671727,'2026-06-01 15:29:32','2026-06-01 15:29:32'),(145,32,'surat_lulus','uploads/dokumen/0112511725/surat_lulus.pdf','surat_lulus.pdf','application/pdf',127679,'2026-06-01 15:29:32','2026-06-01 15:29:32'),(146,48,'surat_lulus','uploads/dokumen/3095742601/surat_lulus.pdf','surat_lulus.pdf','application/pdf',118900,'2026-06-01 15:29:32','2026-06-01 15:29:32'),(147,38,'surat_lulus','uploads/dokumen/0111952826/surat_lulus.pdf','surat_lulus.pdf','application/pdf',673093,'2026-06-01 15:29:32','2026-06-01 15:29:32'),(148,39,'surat_lulus','uploads/dokumen/0108222864/surat_lulus.pdf','surat_lulus.pdf','application/pdf',668924,'2026-06-01 15:29:32','2026-06-01 15:29:32'),(149,31,'surat_lulus','uploads/dokumen/3112244314/surat_lulus.pdf','surat_lulus.pdf','application/pdf',667293,'2026-06-01 15:29:32','2026-06-01 15:29:32'),(150,36,'surat_lulus','uploads/dokumen/0103597670/surat_lulus.pdf','surat_lulus.pdf','application/pdf',669726,'2026-06-01 15:29:32','2026-06-01 15:29:32'),(151,37,'surat_lulus','uploads/dokumen/0116921275/surat_lulus.pdf','surat_lulus.pdf','application/pdf',669530,'2026-06-01 15:29:32','2026-06-01 15:29:32'),(152,55,'surat_lulus','uploads/dokumen/0105175782/surat_lulus.pdf','surat_lulus.pdf','application/pdf',661858,'2026-06-01 15:29:41','2026-06-01 15:29:41'),(153,70,'surat_lulus','uploads/dokumen/3102496284/surat_lulus.pdf','surat_lulus.pdf','application/pdf',669373,'2026-06-01 15:29:41','2026-06-01 15:29:41'),(154,62,'surat_lulus','uploads/dokumen/0112173886/surat_lulus.pdf','surat_lulus.pdf','application/pdf',659684,'2026-06-01 15:29:41','2026-06-01 15:29:41'),(155,76,'surat_lulus','uploads/dokumen/0109229345/surat_lulus.pdf','surat_lulus.pdf','application/pdf',665258,'2026-06-01 15:29:41','2026-06-01 15:29:41'),(156,53,'surat_lulus','uploads/dokumen/3110077856/surat_lulus.pdf','surat_lulus.pdf','application/pdf',667918,'2026-06-01 15:29:41','2026-06-01 15:29:41'),(157,73,'surat_lulus','uploads/dokumen/3097827552/surat_lulus.pdf','surat_lulus.pdf','application/pdf',664244,'2026-06-01 15:29:41','2026-06-01 15:29:41'),(158,59,'surat_lulus','uploads/dokumen/3115581246/surat_lulus.pdf','surat_lulus.pdf','application/pdf',668353,'2026-06-01 15:29:41','2026-06-01 15:29:41'),(159,77,'surat_lulus','uploads/dokumen/0111525810/surat_lulus.pdf','surat_lulus.pdf','application/pdf',662870,'2026-06-01 15:29:41','2026-06-01 15:29:41'),(160,71,'surat_lulus','uploads/dokumen/3128137084/surat_lulus.pdf','surat_lulus.pdf','application/pdf',660939,'2026-06-01 15:29:41','2026-06-01 15:29:41'),(161,69,'surat_lulus','uploads/dokumen/3111525616/surat_lulus.pdf','surat_lulus.pdf','application/pdf',669840,'2026-06-01 15:29:41','2026-06-01 15:29:41'),(162,54,'surat_lulus','uploads/dokumen/0102512968/surat_lulus.pdf','surat_lulus.pdf','application/pdf',663057,'2026-06-01 15:29:41','2026-06-01 15:29:41'),(163,57,'surat_lulus','uploads/dokumen/0116264989/surat_lulus.pdf','surat_lulus.pdf','application/pdf',127668,'2026-06-01 15:29:41','2026-06-01 15:29:41'),(164,78,'surat_lulus','uploads/dokumen/0118616672/surat_lulus.pdf','surat_lulus.pdf','application/pdf',664398,'2026-06-01 15:29:41','2026-06-01 15:29:41'),(165,51,'surat_lulus','uploads/dokumen/3114922776/surat_lulus.pdf','surat_lulus.pdf','application/pdf',119303,'2026-06-01 15:29:41','2026-06-01 15:29:41'),(166,63,'surat_lulus','uploads/dokumen/3102736039/surat_lulus.pdf','surat_lulus.pdf','application/pdf',667602,'2026-06-01 15:29:41','2026-06-01 15:29:41'),(167,79,'surat_lulus','uploads/dokumen/3103961073/surat_lulus.pdf','surat_lulus.pdf','application/pdf',662779,'2026-06-01 15:29:41','2026-06-01 15:29:41'),(168,68,'surat_lulus','uploads/dokumen/3103324114/surat_lulus.pdf','surat_lulus.pdf','application/pdf',670819,'2026-06-01 15:29:41','2026-06-01 15:29:41'),(169,52,'surat_lulus','uploads/dokumen/0101745435/surat_lulus.pdf','surat_lulus.pdf','application/pdf',118079,'2026-06-01 15:29:41','2026-06-01 15:29:41'),(170,66,'surat_lulus','uploads/dokumen/3116988706/surat_lulus.pdf','surat_lulus.pdf','application/pdf',667490,'2026-06-01 15:29:41','2026-06-01 15:29:41'),(171,64,'surat_lulus','uploads/dokumen/3108716134/surat_lulus.pdf','surat_lulus.pdf','application/pdf',666633,'2026-06-01 15:29:41','2026-06-01 15:29:41'),(172,67,'surat_lulus','uploads/dokumen/0105838368/surat_lulus.pdf','surat_lulus.pdf','application/pdf',663644,'2026-06-01 15:29:41','2026-06-01 15:29:41'),(173,58,'surat_lulus','uploads/dokumen/3117110097/surat_lulus.pdf','surat_lulus.pdf','application/pdf',118051,'2026-06-01 15:29:41','2026-06-01 15:29:41'),(174,61,'surat_lulus','uploads/dokumen/0095150044/surat_lulus.pdf','surat_lulus.pdf','application/pdf',667184,'2026-06-01 15:29:41','2026-06-01 15:29:41'),(175,60,'surat_lulus','uploads/dokumen/0112399423/surat_lulus.pdf','surat_lulus.pdf','application/pdf',662525,'2026-06-01 15:29:41','2026-06-01 15:29:41'),(176,65,'surat_lulus','uploads/dokumen/0115894766/surat_lulus.pdf','surat_lulus.pdf','application/pdf',667599,'2026-06-01 15:29:41','2026-06-01 15:29:41'),(177,75,'surat_lulus','uploads/dokumen/0118557173/surat_lulus.pdf','surat_lulus.pdf','application/pdf',667117,'2026-06-01 15:29:41','2026-06-01 15:29:41'),(178,88,'surat_lulus','uploads/dokumen/0118538195/surat_lulus.pdf','surat_lulus.pdf','application/pdf',662751,'2026-06-01 15:29:58','2026-06-01 15:29:58'),(179,81,'surat_lulus','uploads/dokumen/0099901626/surat_lulus.pdf','surat_lulus.pdf','application/pdf',668537,'2026-06-01 15:29:58','2026-06-01 15:29:58'),(180,99,'surat_lulus','uploads/dokumen/3113274479/surat_lulus.pdf','surat_lulus.pdf','application/pdf',673470,'2026-06-01 15:29:58','2026-06-01 15:29:58'),(181,89,'surat_lulus','uploads/dokumen/0115156733/surat_lulus.pdf','surat_lulus.pdf','application/pdf',667055,'2026-06-01 15:29:58','2026-06-01 15:29:58'),(182,83,'surat_lulus','uploads/dokumen/0108605403/surat_lulus.pdf','surat_lulus.pdf','application/pdf',669846,'2026-06-01 15:29:58','2026-06-01 15:29:58'),(183,84,'surat_lulus','uploads/dokumen/3100887382/surat_lulus.pdf','surat_lulus.pdf','application/pdf',662261,'2026-06-01 15:29:58','2026-06-01 15:29:58'),(184,103,'surat_lulus','uploads/dokumen/0119327760/surat_lulus.pdf','surat_lulus.pdf','application/pdf',667976,'2026-06-01 15:29:58','2026-06-01 15:29:58'),(185,85,'surat_lulus','uploads/dokumen/0118330693/surat_lulus.pdf','surat_lulus.pdf','application/pdf',662737,'2026-06-01 15:29:58','2026-06-01 15:29:58'),(186,93,'surat_lulus','uploads/dokumen/0116692578/surat_lulus.pdf','surat_lulus.pdf','application/pdf',667527,'2026-06-01 15:29:58','2026-06-01 15:29:58'),(187,94,'surat_lulus','uploads/dokumen/3114769797/surat_lulus.pdf','surat_lulus.pdf','application/pdf',676471,'2026-06-01 15:29:58','2026-06-01 15:29:58'),(188,86,'surat_lulus','uploads/dokumen/0115205567/surat_lulus.pdf','surat_lulus.pdf','application/pdf',672096,'2026-06-01 15:29:58','2026-06-01 15:29:58'),(189,104,'surat_lulus','uploads/dokumen/0119959086/surat_lulus.pdf','surat_lulus.pdf','application/pdf',664421,'2026-06-01 15:29:58','2026-06-01 15:29:58'),(190,100,'surat_lulus','uploads/dokumen/3116696644/surat_lulus.pdf','surat_lulus.pdf','application/pdf',665558,'2026-06-01 15:29:58','2026-06-01 15:29:58'),(191,101,'surat_lulus','uploads/dokumen/0104443346/surat_lulus.pdf','surat_lulus.pdf','application/pdf',670855,'2026-06-01 15:29:58','2026-06-01 15:29:58'),(192,105,'surat_lulus','uploads/dokumen/3104112651/surat_lulus.pdf','surat_lulus.pdf','application/pdf',668837,'2026-06-01 15:29:58','2026-06-01 15:29:58'),(193,87,'surat_lulus','uploads/dokumen/3118372933/surat_lulus.pdf','surat_lulus.pdf','application/pdf',664475,'2026-06-01 15:29:58','2026-06-01 15:29:58'),(194,90,'surat_lulus','uploads/dokumen/0117860571/surat_lulus.pdf','surat_lulus.pdf','application/pdf',661101,'2026-06-01 15:29:58','2026-06-01 15:29:58'),(195,102,'surat_lulus','uploads/dokumen/0108374729/surat_lulus.pdf','surat_lulus.pdf','application/pdf',664103,'2026-06-01 15:29:58','2026-06-01 15:29:58'),(196,92,'surat_lulus','uploads/dokumen/0114967148/surat_lulus.pdf','surat_lulus.pdf','application/pdf',666422,'2026-06-01 15:29:58','2026-06-01 15:29:58'),(197,82,'surat_lulus','uploads/dokumen/0118490856/surat_lulus.pdf','surat_lulus.pdf','application/pdf',670168,'2026-06-01 15:29:58','2026-06-01 15:29:58'),(198,91,'surat_lulus','uploads/dokumen/3127733939/surat_lulus.pdf','surat_lulus.pdf','application/pdf',669635,'2026-06-01 15:29:58','2026-06-01 15:29:58'),(199,96,'surat_lulus','uploads/dokumen/0117068496/surat_lulus.pdf','surat_lulus.pdf','application/pdf',670417,'2026-06-01 15:29:58','2026-06-01 15:29:58'),(200,80,'surat_lulus','uploads/dokumen/0111722464/surat_lulus.pdf','surat_lulus.pdf','application/pdf',667988,'2026-06-01 15:29:58','2026-06-01 15:29:58'),(201,97,'surat_lulus','uploads/dokumen/0118815655/surat_lulus.pdf','surat_lulus.pdf','application/pdf',673177,'2026-06-01 15:29:58','2026-06-01 15:29:58'),(202,95,'surat_lulus','uploads/dokumen/0114823839/surat_lulus.pdf','surat_lulus.pdf','application/pdf',670445,'2026-06-01 15:29:58','2026-06-01 15:29:58'),(203,98,'surat_lulus','uploads/dokumen/0101577538/surat_lulus.pdf','surat_lulus.pdf','application/pdf',667113,'2026-06-01 15:29:58','2026-06-01 15:29:58'),(204,61,'surat_berkelakuan_baik','uploads/dokumen/0095150044/surat_berkelakuan_baik.pdf','surat_berkelakuan_baik.pdf','application/pdf',86392,'2026-06-01 16:59:25','2026-06-01 16:59:25'),(205,47,'surat_berkelakuan_baik','uploads/dokumen/0098074553/surat_berkelakuan_baik.pdf','surat_berkelakuan_baik.pdf','application/pdf',86360,'2026-06-01 16:59:25','2026-06-01 16:59:25'),(206,81,'surat_berkelakuan_baik','uploads/dokumen/0099901626/surat_berkelakuan_baik.pdf','surat_berkelakuan_baik.pdf','application/pdf',86364,'2026-06-01 16:59:25','2026-06-01 16:59:25'),(207,98,'surat_berkelakuan_baik','uploads/dokumen/0101577538/surat_berkelakuan_baik.pdf','surat_berkelakuan_baik.pdf','application/pdf',86361,'2026-06-01 16:59:25','2026-06-01 16:59:25'),(208,52,'surat_berkelakuan_baik','uploads/dokumen/0101745435/surat_berkelakuan_baik.pdf','surat_berkelakuan_baik.pdf','application/pdf',86354,'2026-06-01 16:59:25','2026-06-01 16:59:25'),(209,15,'surat_berkelakuan_baik','uploads/dokumen/0102204098/surat_berkelakuan_baik.pdf','surat_berkelakuan_baik.pdf','application/pdf',86353,'2026-06-01 16:59:25','2026-06-01 16:59:25'),(210,22,'surat_berkelakuan_baik','uploads/dokumen/0102205526/surat_berkelakuan_baik.pdf','surat_berkelakuan_baik.pdf','application/pdf',86377,'2026-06-01 16:59:25','2026-06-01 16:59:25'),(211,54,'surat_berkelakuan_baik','uploads/dokumen/0102512968/surat_berkelakuan_baik.pdf','surat_berkelakuan_baik.pdf','application/pdf',86352,'2026-06-01 16:59:25','2026-06-01 16:59:25'),(212,36,'surat_berkelakuan_baik','uploads/dokumen/0103597670/surat_berkelakuan_baik.pdf','surat_berkelakuan_baik.pdf','application/pdf',86352,'2026-06-01 16:59:25','2026-06-01 16:59:25'),(213,33,'surat_berkelakuan_baik','uploads/dokumen/0104114243/surat_berkelakuan_baik.pdf','surat_berkelakuan_baik.pdf','application/pdf',86377,'2026-06-01 16:59:25','2026-06-01 16:59:25'),(214,101,'surat_berkelakuan_baik','uploads/dokumen/0104443346/surat_berkelakuan_baik.pdf','surat_berkelakuan_baik.pdf','application/pdf',86363,'2026-06-01 16:59:25','2026-06-01 16:59:25'),(215,12,'surat_berkelakuan_baik','uploads/dokumen/0105165970/surat_berkelakuan_baik.pdf','surat_berkelakuan_baik.pdf','application/pdf',86361,'2026-06-01 16:59:25','2026-06-01 16:59:25'),(216,55,'surat_berkelakuan_baik','uploads/dokumen/0105175782/surat_berkelakuan_baik.pdf','surat_berkelakuan_baik.pdf','application/pdf',86352,'2026-06-01 16:59:25','2026-06-01 16:59:25'),(217,26,'surat_berkelakuan_baik','uploads/dokumen/0105722751/surat_berkelakuan_baik.pdf','surat_berkelakuan_baik.pdf','application/pdf',86376,'2026-06-01 16:59:25','2026-06-01 16:59:25'),(218,67,'surat_berkelakuan_baik','uploads/dokumen/0105838368/surat_berkelakuan_baik.pdf','surat_berkelakuan_baik.pdf','application/pdf',86361,'2026-06-01 16:59:25','2026-06-01 16:59:25'),(219,23,'surat_berkelakuan_baik','uploads/dokumen/0106181365/surat_berkelakuan_baik.pdf','surat_berkelakuan_baik.pdf','application/pdf',86361,'2026-06-01 16:59:25','2026-06-01 16:59:25'),(220,20,'surat_berkelakuan_baik','uploads/dokumen/0106465714/surat_berkelakuan_baik.pdf','surat_berkelakuan_baik.pdf','application/pdf',86354,'2026-06-01 16:59:25','2026-06-01 16:59:25'),(221,49,'surat_berkelakuan_baik','uploads/dokumen/0106819513/surat_berkelakuan_baik.pdf','surat_berkelakuan_baik.pdf','application/pdf',86384,'2026-06-01 16:59:25','2026-06-01 16:59:25'),(222,25,'surat_berkelakuan_baik','uploads/dokumen/0107717058/surat_berkelakuan_baik.pdf','surat_berkelakuan_baik.pdf','application/pdf',86379,'2026-06-01 16:59:25','2026-06-01 16:59:25'),(223,41,'surat_berkelakuan_baik','uploads/dokumen/0108183487/surat_berkelakuan_baik.pdf','surat_berkelakuan_baik.pdf','application/pdf',86364,'2026-06-01 16:59:25','2026-06-01 16:59:25'),(224,39,'surat_berkelakuan_baik','uploads/dokumen/0108222864/surat_berkelakuan_baik.pdf','surat_berkelakuan_baik.pdf','application/pdf',86361,'2026-06-01 16:59:25','2026-06-01 16:59:25'),(225,102,'surat_berkelakuan_baik','uploads/dokumen/0108374729/surat_berkelakuan_baik.pdf','surat_berkelakuan_baik.pdf','application/pdf',86356,'2026-06-01 16:59:25','2026-06-01 16:59:25'),(226,83,'surat_berkelakuan_baik','uploads/dokumen/0108605403/surat_berkelakuan_baik.pdf','surat_berkelakuan_baik.pdf','application/pdf',86375,'2026-06-01 16:59:25','2026-06-01 16:59:25'),(227,1,'surat_berkelakuan_baik','uploads/dokumen/0108753448/surat_berkelakuan_baik.pdf','surat_berkelakuan_baik.pdf','application/pdf',86377,'2026-06-01 16:59:26','2026-06-01 16:59:26'),(228,4,'surat_berkelakuan_baik','uploads/dokumen/0108895866/surat_berkelakuan_baik.pdf','surat_berkelakuan_baik.pdf','application/pdf',86360,'2026-06-01 16:59:26','2026-06-01 16:59:26'),(229,76,'surat_berkelakuan_baik','uploads/dokumen/0109229345/surat_berkelakuan_baik.pdf','surat_berkelakuan_baik.pdf','application/pdf',86363,'2026-06-01 16:59:26','2026-06-01 16:59:26'),(230,19,'surat_berkelakuan_baik','uploads/dokumen/0109982678/surat_berkelakuan_baik.pdf','surat_berkelakuan_baik.pdf','application/pdf',86374,'2026-06-01 16:59:26','2026-06-01 16:59:26'),(231,3,'surat_berkelakuan_baik','uploads/dokumen/0111411864/surat_berkelakuan_baik.pdf','surat_berkelakuan_baik.pdf','application/pdf',86361,'2026-06-01 16:59:26','2026-06-01 16:59:26'),(232,77,'surat_berkelakuan_baik','uploads/dokumen/0111525810/surat_berkelakuan_baik.pdf','surat_berkelakuan_baik.pdf','application/pdf',86349,'2026-06-01 16:59:26','2026-06-01 16:59:26'),(233,80,'surat_berkelakuan_baik','uploads/dokumen/0111722464/surat_berkelakuan_baik.pdf','surat_berkelakuan_baik.pdf','application/pdf',86363,'2026-06-01 16:59:26','2026-06-01 16:59:26'),(234,38,'surat_berkelakuan_baik','uploads/dokumen/0111952826/surat_berkelakuan_baik.pdf','surat_berkelakuan_baik.pdf','application/pdf',86373,'2026-06-01 16:59:26','2026-06-01 16:59:26'),(235,62,'surat_berkelakuan_baik','uploads/dokumen/0112173886/surat_berkelakuan_baik.pdf','surat_berkelakuan_baik.pdf','application/pdf',86349,'2026-06-01 16:59:26','2026-06-01 16:59:26'),(236,60,'surat_berkelakuan_baik','uploads/dokumen/0112399423/surat_berkelakuan_baik.pdf','surat_berkelakuan_baik.pdf','application/pdf',86344,'2026-06-01 16:59:26','2026-06-01 16:59:26'),(237,32,'surat_berkelakuan_baik','uploads/dokumen/0112511725/surat_berkelakuan_baik.pdf','surat_berkelakuan_baik.pdf','application/pdf',86360,'2026-06-01 16:59:26','2026-06-01 16:59:26'),(238,56,'surat_berkelakuan_baik','uploads/dokumen/0114226315/surat_berkelakuan_baik.pdf','surat_berkelakuan_baik.pdf','application/pdf',86359,'2026-06-01 16:59:26','2026-06-01 16:59:26'),(239,6,'surat_berkelakuan_baik','uploads/dokumen/0114535661/surat_berkelakuan_baik.pdf','surat_berkelakuan_baik.pdf','application/pdf',86366,'2026-06-01 16:59:26','2026-06-01 16:59:26'),(240,46,'surat_berkelakuan_baik','uploads/dokumen/0114635618/surat_berkelakuan_baik.pdf','surat_berkelakuan_baik.pdf','application/pdf',86361,'2026-06-01 16:59:26','2026-06-01 16:59:26'),(241,95,'surat_berkelakuan_baik','uploads/dokumen/0114823839/surat_berkelakuan_baik.pdf','surat_berkelakuan_baik.pdf','application/pdf',86366,'2026-06-01 16:59:26','2026-06-01 16:59:26'),(242,5,'surat_berkelakuan_baik','uploads/dokumen/0114839804/surat_berkelakuan_baik.pdf','surat_berkelakuan_baik.pdf','application/pdf',86352,'2026-06-01 16:59:26','2026-06-01 16:59:26'),(243,92,'surat_berkelakuan_baik','uploads/dokumen/0114967148/surat_berkelakuan_baik.pdf','surat_berkelakuan_baik.pdf','application/pdf',86364,'2026-06-01 16:59:26','2026-06-01 16:59:26'),(244,89,'surat_berkelakuan_baik','uploads/dokumen/0115156733/surat_berkelakuan_baik.pdf','surat_berkelakuan_baik.pdf','application/pdf',86368,'2026-06-01 16:59:26','2026-06-01 16:59:26'),(245,86,'surat_berkelakuan_baik','uploads/dokumen/0115205567/surat_berkelakuan_baik.pdf','surat_berkelakuan_baik.pdf','application/pdf',86356,'2026-06-01 16:59:26','2026-06-01 16:59:26'),(246,65,'surat_berkelakuan_baik','uploads/dokumen/0115894766/surat_berkelakuan_baik.pdf','surat_berkelakuan_baik.pdf','application/pdf',86368,'2026-06-01 16:59:26','2026-06-01 16:59:26'),(247,57,'surat_berkelakuan_baik','uploads/dokumen/0116264989/surat_berkelakuan_baik.pdf','surat_berkelakuan_baik.pdf','application/pdf',86377,'2026-06-01 16:59:26','2026-06-01 16:59:26'),(248,93,'surat_berkelakuan_baik','uploads/dokumen/0116692578/surat_berkelakuan_baik.pdf','surat_berkelakuan_baik.pdf','application/pdf',86365,'2026-06-01 16:59:26','2026-06-01 16:59:26'),(249,37,'surat_berkelakuan_baik','uploads/dokumen/0116921275/surat_berkelakuan_baik.pdf','surat_berkelakuan_baik.pdf','application/pdf',86364,'2026-06-01 16:59:26','2026-06-01 16:59:26'),(250,96,'surat_berkelakuan_baik','uploads/dokumen/0117068496/surat_berkelakuan_baik.pdf','surat_berkelakuan_baik.pdf','application/pdf',86356,'2026-06-01 16:59:26','2026-06-01 16:59:26'),(251,16,'surat_berkelakuan_baik','uploads/dokumen/0117731526/surat_berkelakuan_baik.pdf','surat_berkelakuan_baik.pdf','application/pdf',86346,'2026-06-01 16:59:26','2026-06-01 16:59:26'),(252,90,'surat_berkelakuan_baik','uploads/dokumen/0117860571/surat_berkelakuan_baik.pdf','surat_berkelakuan_baik.pdf','application/pdf',86349,'2026-06-01 16:59:26','2026-06-01 16:59:26'),(253,85,'surat_berkelakuan_baik','uploads/dokumen/0118330693/surat_berkelakuan_baik.pdf','surat_berkelakuan_baik.pdf','application/pdf',86366,'2026-06-01 16:59:26','2026-06-01 16:59:26'),(254,82,'surat_berkelakuan_baik','uploads/dokumen/0118490856/surat_berkelakuan_baik.pdf','surat_berkelakuan_baik.pdf','application/pdf',86367,'2026-06-01 16:59:26','2026-06-01 16:59:26'),(255,88,'surat_berkelakuan_baik','uploads/dokumen/0118538195/surat_berkelakuan_baik.pdf','surat_berkelakuan_baik.pdf','application/pdf',86347,'2026-06-01 16:59:26','2026-06-01 16:59:26'),(256,75,'surat_berkelakuan_baik','uploads/dokumen/0118557173/surat_berkelakuan_baik.pdf','surat_berkelakuan_baik.pdf','application/pdf',86371,'2026-06-01 16:59:26','2026-06-01 16:59:26'),(257,78,'surat_berkelakuan_baik','uploads/dokumen/0118616672/surat_berkelakuan_baik.pdf','surat_berkelakuan_baik.pdf','application/pdf',86363,'2026-06-01 16:59:26','2026-06-01 16:59:26'),(258,97,'surat_berkelakuan_baik','uploads/dokumen/0118815655/surat_berkelakuan_baik.pdf','surat_berkelakuan_baik.pdf','application/pdf',86375,'2026-06-01 16:59:26','2026-06-01 16:59:26'),(259,103,'surat_berkelakuan_baik','uploads/dokumen/0119327760/surat_berkelakuan_baik.pdf','surat_berkelakuan_baik.pdf','application/pdf',86357,'2026-06-01 16:59:26','2026-06-01 16:59:26'),(260,17,'surat_berkelakuan_baik','uploads/dokumen/0119667182/surat_berkelakuan_baik.pdf','surat_berkelakuan_baik.pdf','application/pdf',86352,'2026-06-01 16:59:26','2026-06-01 16:59:26'),(261,104,'surat_berkelakuan_baik','uploads/dokumen/0119959086/surat_berkelakuan_baik.pdf','surat_berkelakuan_baik.pdf','application/pdf',86357,'2026-06-01 16:59:26','2026-06-01 16:59:26'),(262,48,'surat_berkelakuan_baik','uploads/dokumen/3095742601/surat_berkelakuan_baik.pdf','surat_berkelakuan_baik.pdf','application/pdf',86348,'2026-06-01 16:59:26','2026-06-01 16:59:26'),(263,73,'surat_berkelakuan_baik','uploads/dokumen/3097827552/surat_berkelakuan_baik.pdf','surat_berkelakuan_baik.pdf','application/pdf',86390,'2026-06-01 16:59:26','2026-06-01 16:59:26'),(264,14,'surat_berkelakuan_baik','uploads/dokumen/3100800669/surat_berkelakuan_baik.pdf','surat_berkelakuan_baik.pdf','application/pdf',86379,'2026-06-01 16:59:26','2026-06-01 16:59:26'),(265,84,'surat_berkelakuan_baik','uploads/dokumen/3100887382/surat_berkelakuan_baik.pdf','surat_berkelakuan_baik.pdf','application/pdf',86364,'2026-06-01 16:59:26','2026-06-01 16:59:26'),(266,70,'surat_berkelakuan_baik','uploads/dokumen/3102496284/surat_berkelakuan_baik.pdf','surat_berkelakuan_baik.pdf','application/pdf',86367,'2026-06-01 16:59:26','2026-06-01 16:59:26'),(267,63,'surat_berkelakuan_baik','uploads/dokumen/3102736039/surat_berkelakuan_baik.pdf','surat_berkelakuan_baik.pdf','application/pdf',86379,'2026-06-01 16:59:26','2026-06-01 16:59:26'),(268,68,'surat_berkelakuan_baik','uploads/dokumen/3103324114/surat_berkelakuan_baik.pdf','surat_berkelakuan_baik.pdf','application/pdf',86362,'2026-06-01 16:59:26','2026-06-01 16:59:26'),(269,7,'surat_berkelakuan_baik','uploads/dokumen/3103482214/surat_berkelakuan_baik.pdf','surat_berkelakuan_baik.pdf','application/pdf',86356,'2026-06-01 16:59:26','2026-06-01 16:59:26'),(270,40,'surat_berkelakuan_baik','uploads/dokumen/3103840722/surat_berkelakuan_baik.pdf','surat_berkelakuan_baik.pdf','application/pdf',86376,'2026-06-01 16:59:26','2026-06-01 16:59:26'),(271,79,'surat_berkelakuan_baik','uploads/dokumen/3103961073/surat_berkelakuan_baik.pdf','surat_berkelakuan_baik.pdf','application/pdf',86349,'2026-06-01 16:59:26','2026-06-01 16:59:26'),(272,105,'surat_berkelakuan_baik','uploads/dokumen/3104112651/surat_berkelakuan_baik.pdf','surat_berkelakuan_baik.pdf','application/pdf',86366,'2026-06-01 16:59:26','2026-06-01 16:59:26'),(273,30,'surat_berkelakuan_baik','uploads/dokumen/3104331116/surat_berkelakuan_baik.pdf','surat_berkelakuan_baik.pdf','application/pdf',86384,'2026-06-01 16:59:26','2026-06-01 16:59:26'),(274,8,'surat_berkelakuan_baik','uploads/dokumen/3104448260/surat_berkelakuan_baik.pdf','surat_berkelakuan_baik.pdf','application/pdf',86345,'2026-06-01 16:59:26','2026-06-01 16:59:26'),(275,18,'surat_berkelakuan_baik','uploads/dokumen/3105620718/surat_berkelakuan_baik.pdf','surat_berkelakuan_baik.pdf','application/pdf',86363,'2026-06-01 16:59:26','2026-06-01 16:59:26'),(276,29,'surat_berkelakuan_baik','uploads/dokumen/3106000422/surat_berkelakuan_baik.pdf','surat_berkelakuan_baik.pdf','application/pdf',86353,'2026-06-01 16:59:26','2026-06-01 16:59:26'),(277,64,'surat_berkelakuan_baik','uploads/dokumen/3108716134/surat_berkelakuan_baik.pdf','surat_berkelakuan_baik.pdf','application/pdf',86390,'2026-06-01 16:59:26','2026-06-01 16:59:26'),(278,53,'surat_berkelakuan_baik','uploads/dokumen/3110077856/surat_berkelakuan_baik.pdf','surat_berkelakuan_baik.pdf','application/pdf',86361,'2026-06-01 16:59:26','2026-06-01 16:59:26'),(279,43,'surat_berkelakuan_baik','uploads/dokumen/3110353649/surat_berkelakuan_baik.pdf','surat_berkelakuan_baik.pdf','application/pdf',86369,'2026-06-01 16:59:26','2026-06-01 16:59:26'),(280,9,'surat_berkelakuan_baik','uploads/dokumen/3110844442/surat_berkelakuan_baik.pdf','surat_berkelakuan_baik.pdf','application/pdf',86365,'2026-06-01 16:59:26','2026-06-01 16:59:26'),(281,69,'surat_berkelakuan_baik','uploads/dokumen/3111525616/surat_berkelakuan_baik.pdf','surat_berkelakuan_baik.pdf','application/pdf',86363,'2026-06-01 16:59:26','2026-06-01 16:59:26'),(282,11,'surat_berkelakuan_baik','uploads/dokumen/3111801578/surat_berkelakuan_baik.pdf','surat_berkelakuan_baik.pdf','application/pdf',86359,'2026-06-01 16:59:26','2026-06-01 16:59:26'),(283,45,'surat_berkelakuan_baik','uploads/dokumen/3111934275/surat_berkelakuan_baik.pdf','surat_berkelakuan_baik.pdf','application/pdf',86356,'2026-06-01 16:59:26','2026-06-01 16:59:26'),(284,31,'surat_berkelakuan_baik','uploads/dokumen/3112244314/surat_berkelakuan_baik.pdf','surat_berkelakuan_baik.pdf','application/pdf',86380,'2026-06-01 16:59:26','2026-06-01 16:59:26'),(285,28,'surat_berkelakuan_baik','uploads/dokumen/3112743904/surat_berkelakuan_baik.pdf','surat_berkelakuan_baik.pdf','application/pdf',86354,'2026-06-01 16:59:26','2026-06-01 16:59:26'),(286,99,'surat_berkelakuan_baik','uploads/dokumen/3113274479/surat_berkelakuan_baik.pdf','surat_berkelakuan_baik.pdf','application/pdf',86367,'2026-06-01 16:59:26','2026-06-01 16:59:26'),(287,13,'surat_berkelakuan_baik','uploads/dokumen/3114123609/surat_berkelakuan_baik.pdf','surat_berkelakuan_baik.pdf','application/pdf',86365,'2026-06-01 16:59:26','2026-06-01 16:59:26'),(288,42,'surat_berkelakuan_baik','uploads/dokumen/3114467076/surat_berkelakuan_baik.pdf','surat_berkelakuan_baik.pdf','application/pdf',86352,'2026-06-01 16:59:26','2026-06-01 16:59:26'),(289,94,'surat_berkelakuan_baik','uploads/dokumen/3114769797/surat_berkelakuan_baik.pdf','surat_berkelakuan_baik.pdf','application/pdf',86384,'2026-06-01 16:59:26','2026-06-01 16:59:26'),(290,50,'surat_berkelakuan_baik','uploads/dokumen/3114827797/surat_berkelakuan_baik.pdf','surat_berkelakuan_baik.pdf','application/pdf',86350,'2026-06-01 16:59:26','2026-06-01 16:59:26'),(291,51,'surat_berkelakuan_baik','uploads/dokumen/3114922776/surat_berkelakuan_baik.pdf','surat_berkelakuan_baik.pdf','application/pdf',86354,'2026-06-01 16:59:26','2026-06-01 16:59:26'),(292,24,'surat_berkelakuan_baik','uploads/dokumen/3115277288/surat_berkelakuan_baik.pdf','surat_berkelakuan_baik.pdf','application/pdf',86374,'2026-06-01 16:59:26','2026-06-01 16:59:26'),(293,59,'surat_berkelakuan_baik','uploads/dokumen/3115581246/surat_berkelakuan_baik.pdf','surat_berkelakuan_baik.pdf','application/pdf',86366,'2026-06-01 16:59:26','2026-06-01 16:59:26'),(294,100,'surat_berkelakuan_baik','uploads/dokumen/3116696644/surat_berkelakuan_baik.pdf','surat_berkelakuan_baik.pdf','application/pdf',86358,'2026-06-01 16:59:26','2026-06-01 16:59:26'),(295,66,'surat_berkelakuan_baik','uploads/dokumen/3116988706/surat_berkelakuan_baik.pdf','surat_berkelakuan_baik.pdf','application/pdf',86360,'2026-06-01 16:59:26','2026-06-01 16:59:26'),(296,10,'surat_berkelakuan_baik','uploads/dokumen/3117009040/surat_berkelakuan_baik.pdf','surat_berkelakuan_baik.pdf','application/pdf',86358,'2026-06-01 16:59:26','2026-06-01 16:59:26'),(297,58,'surat_berkelakuan_baik','uploads/dokumen/3117110097/surat_berkelakuan_baik.pdf','surat_berkelakuan_baik.pdf','application/pdf',86344,'2026-06-01 16:59:26','2026-06-01 16:59:26'),(298,34,'surat_berkelakuan_baik','uploads/dokumen/3117183898/surat_berkelakuan_baik.pdf','surat_berkelakuan_baik.pdf','application/pdf',86369,'2026-06-01 16:59:27','2026-06-01 16:59:27'),(299,27,'surat_berkelakuan_baik','uploads/dokumen/3117905098/surat_berkelakuan_baik.pdf','surat_berkelakuan_baik.pdf','application/pdf',86352,'2026-06-01 16:59:27','2026-06-01 16:59:27'),(300,44,'surat_berkelakuan_baik','uploads/dokumen/3118333654/surat_berkelakuan_baik.pdf','surat_berkelakuan_baik.pdf','application/pdf',86377,'2026-06-01 16:59:27','2026-06-01 16:59:27'),(301,87,'surat_berkelakuan_baik','uploads/dokumen/3118372933/surat_berkelakuan_baik.pdf','surat_berkelakuan_baik.pdf','application/pdf',86347,'2026-06-01 16:59:27','2026-06-01 16:59:27'),(302,2,'surat_berkelakuan_baik','uploads/dokumen/3118947315/surat_berkelakuan_baik.pdf','surat_berkelakuan_baik.pdf','application/pdf',86338,'2026-06-01 16:59:27','2026-06-01 16:59:27'),(303,91,'surat_berkelakuan_baik','uploads/dokumen/3127733939/surat_berkelakuan_baik.pdf','surat_berkelakuan_baik.pdf','application/pdf',86388,'2026-06-01 16:59:27','2026-06-01 16:59:27'),(304,71,'surat_berkelakuan_baik','uploads/dokumen/3128137084/surat_berkelakuan_baik.pdf','surat_berkelakuan_baik.pdf','application/pdf',86345,'2026-06-01 16:59:27','2026-06-01 16:59:27');

--
-- Table structure for table `failed_jobs`
--

CREATE TABLE `failed_jobs` (
  `id` bigint unsigned NOT NULL AUTO_INCREMENT,
  `uuid` varchar(255) COLLATE utf8mb4_unicode_ci NOT NULL,
  `connection` varchar(255) COLLATE utf8mb4_unicode_ci NOT NULL,
  `queue` varchar(255) COLLATE utf8mb4_unicode_ci NOT NULL,
  `payload` longtext COLLATE utf8mb4_unicode_ci NOT NULL,
  `exception` longtext COLLATE utf8mb4_unicode_ci NOT NULL,
  `failed_at` timestamp NOT NULL DEFAULT CURRENT_TIMESTAMP,
  PRIMARY KEY (`id`),
  UNIQUE KEY `failed_jobs_uuid_unique` (`uuid`),
  KEY `failed_jobs_connection_queue_failed_at_index` (`connection`,`queue`,`failed_at`)
) ENGINE=InnoDB DEFAULT CHARSET=utf8mb4 COLLATE=utf8mb4_unicode_ci;

--
-- Dumping data for table `failed_jobs`
--


--
-- Table structure for table `job_batches`
--

CREATE TABLE `job_batches` (
  `id` varchar(255) COLLATE utf8mb4_unicode_ci NOT NULL,
  `name` varchar(255) COLLATE utf8mb4_unicode_ci NOT NULL,
  `total_jobs` int NOT NULL,
  `pending_jobs` int NOT NULL,
  `failed_jobs` int NOT NULL,
  `failed_job_ids` longtext COLLATE utf8mb4_unicode_ci NOT NULL,
  `options` mediumtext COLLATE utf8mb4_unicode_ci,
  `cancelled_at` int DEFAULT NULL,
  `created_at` int NOT NULL,
  `finished_at` int DEFAULT NULL,
  PRIMARY KEY (`id`)
) ENGINE=InnoDB DEFAULT CHARSET=utf8mb4 COLLATE=utf8mb4_unicode_ci;

--
-- Dumping data for table `job_batches`
--


--
-- Table structure for table `jobs`
--

CREATE TABLE `jobs` (
  `id` bigint unsigned NOT NULL AUTO_INCREMENT,
  `queue` varchar(255) COLLATE utf8mb4_unicode_ci NOT NULL,
  `payload` longtext COLLATE utf8mb4_unicode_ci NOT NULL,
  `attempts` smallint unsigned NOT NULL,
  `reserved_at` int unsigned DEFAULT NULL,
  `available_at` int unsigned NOT NULL,
  `created_at` int unsigned NOT NULL,
  PRIMARY KEY (`id`),
  KEY `jobs_queue_index` (`queue`)
) ENGINE=InnoDB DEFAULT CHARSET=utf8mb4 COLLATE=utf8mb4_unicode_ci;

--
-- Dumping data for table `jobs`
--


--
-- Table structure for table `migrations`
--

CREATE TABLE `migrations` (
  `id` int unsigned NOT NULL AUTO_INCREMENT,
  `migration` varchar(255) COLLATE utf8mb4_unicode_ci NOT NULL,
  `batch` int NOT NULL,
  PRIMARY KEY (`id`)
) ENGINE=InnoDB AUTO_INCREMENT=9 DEFAULT CHARSET=utf8mb4 COLLATE=utf8mb4_unicode_ci;

--
-- Dumping data for table `migrations`
--

INSERT INTO `migrations` VALUES (1,'0001_01_01_000000_create_users_table',1),(2,'0001_01_01_000001_create_cache_table',1),(3,'0001_01_01_000002_create_jobs_table',1),(4,'2026_05_30_050052_create_personal_access_tokens_table',1),(5,'2026_05_30_050124_create_activity_log_table',1),(6,'2026_05_30_060001_create_siswa_table',1),(7,'2026_05_30_060002_create_dokumen_siswa_table',1),(8,'2026_05_30_060003_create_pilihan_sekolah_table',1);

--
-- Table structure for table `pilihan_sekolah`
--

CREATE TABLE `pilihan_sekolah` (
  `id` bigint unsigned NOT NULL AUTO_INCREMENT,
  `siswa_id` bigint unsigned NOT NULL,
  `nama_sekolah` varchar(255) COLLATE utf8mb4_unicode_ci NOT NULL,
  `jenjang` enum('sma','smk','ma','perguruan_tinggi','lainnya') COLLATE utf8mb4_unicode_ci NOT NULL,
  `keterangan` varchar(255) COLLATE utf8mb4_unicode_ci DEFAULT NULL,
  `created_at` timestamp NULL DEFAULT NULL,
  `updated_at` timestamp NULL DEFAULT NULL,
  PRIMARY KEY (`id`),
  UNIQUE KEY `pilihan_sekolah_siswa_id_unique` (`siswa_id`),
  CONSTRAINT `pilihan_sekolah_siswa_id_foreign` FOREIGN KEY (`siswa_id`) REFERENCES `siswa` (`id`) ON DELETE CASCADE
) ENGINE=InnoDB DEFAULT CHARSET=utf8mb4 COLLATE=utf8mb4_unicode_ci;

--
-- Dumping data for table `pilihan_sekolah`
--


--
-- Table structure for table `sessions`
--

CREATE TABLE `sessions` (
  `id` varchar(255) COLLATE utf8mb4_unicode_ci NOT NULL,
  `user_id` bigint unsigned DEFAULT NULL,
  `ip_address` varchar(45) COLLATE utf8mb4_unicode_ci DEFAULT NULL,
  `user_agent` text COLLATE utf8mb4_unicode_ci,
  `payload` longtext COLLATE utf8mb4_unicode_ci NOT NULL,
  `last_activity` int NOT NULL,
  PRIMARY KEY (`id`),
  KEY `sessions_user_id_index` (`user_id`),
  KEY `sessions_last_activity_index` (`last_activity`)
) ENGINE=InnoDB DEFAULT CHARSET=utf8mb4 COLLATE=utf8mb4_unicode_ci;

--
-- Dumping data for table `sessions`
--


--
-- Table structure for table `siswa`
--

CREATE TABLE `siswa` (
  `id` bigint unsigned NOT NULL AUTO_INCREMENT,
  `nisn` varchar(10) COLLATE utf8mb4_unicode_ci NOT NULL,
  `nama` varchar(255) COLLATE utf8mb4_unicode_ci NOT NULL,
  `kelas` varchar(20) COLLATE utf8mb4_unicode_ci NOT NULL,
  `jurusan` varchar(100) COLLATE utf8mb4_unicode_ci DEFAULT NULL,
  `status_kelulusan` enum('lulus','tidak_lulus') COLLATE utf8mb4_unicode_ci NOT NULL DEFAULT 'tidak_lulus',
  `tahun_ajaran` varchar(9) COLLATE utf8mb4_unicode_ci NOT NULL,
  `created_at` timestamp NULL DEFAULT NULL,
  `updated_at` timestamp NULL DEFAULT NULL,
  PRIMARY KEY (`id`),
  UNIQUE KEY `siswa_nisn_unique` (`nisn`),
  KEY `siswa_nisn_index` (`nisn`),
  KEY `siswa_status_kelulusan_index` (`status_kelulusan`)
) ENGINE=InnoDB AUTO_INCREMENT=106 DEFAULT CHARSET=utf8mb4 COLLATE=utf8mb4_unicode_ci;

--
-- Dumping data for table `siswa`
--

INSERT INTO `siswa` VALUES (1,'0108753448','ADELIA OKTA SAFITRI','IX A',NULL,'lulus','2025/2026','2026-05-30 07:26:43','2026-05-30 07:26:43'),(2,'3118947315','AINA','IX A',NULL,'lulus','2025/2026','2026-05-30 07:26:43','2026-05-30 07:26:43'),(3,'0111411864','ALYA','IX A',NULL,'lulus','2025/2026','2026-05-30 07:26:43','2026-05-30 07:26:43'),(4,'0108895866','GINA AULIANA','IX A',NULL,'lulus','2025/2026','2026-05-30 07:26:43','2026-05-30 07:26:43'),(5,'0114839804','HADIJAH','IX A',NULL,'lulus','2025/2026','2026-05-30 07:26:43','2026-05-30 07:26:43'),(6,'0114535661','HANA SAHIRAH SALSABILA','IX A',NULL,'lulus','2025/2026','2026-05-30 07:26:43','2026-05-30 07:26:43'),(7,'3103482214','HUSNA AULIA','IX A',NULL,'lulus','2025/2026','2026-05-30 07:26:43','2026-05-30 07:26:43'),(8,'3104448260','JAMILAH','IX A',NULL,'lulus','2025/2026','2026-05-30 07:26:43','2026-05-30 07:26:43'),(9,'3110844442','MARWA ZAKIYA','IX A',NULL,'lulus','2025/2026','2026-05-30 07:26:43','2026-05-30 07:26:43'),(10,'3117009040','MEYKA MADANIA','IX A',NULL,'lulus','2025/2026','2026-05-30 07:26:43','2026-05-30 07:26:43'),(11,'3111801578','NAILA APIPAH','IX A',NULL,'lulus','2025/2026','2026-05-30 07:26:43','2026-05-30 07:26:43'),(12,'0105165970','NAYLA AZIKIA','IX A',NULL,'lulus','2025/2026','2026-05-30 07:26:43','2026-05-30 07:26:43'),(13,'3114123609','NAZHIRAH','IX A',NULL,'lulus','2025/2026','2026-05-30 07:26:43','2026-05-30 07:26:43'),(14,'3100800669','NAZWA AULIA','IX A',NULL,'lulus','2025/2026','2026-05-30 07:26:43','2026-05-30 07:26:43'),(15,'0102204098','NOR SYIFA','IX A',NULL,'lulus','2025/2026','2026-05-30 07:26:43','2026-05-30 07:26:43'),(16,'0117731526','NURUL HIKMAH','IX A',NULL,'lulus','2025/2026','2026-05-30 07:26:43','2026-05-30 07:26:43'),(17,'0119667182','NURUL HUDA','IX A',NULL,'lulus','2025/2026','2026-05-30 07:26:43','2026-05-30 07:26:43'),(18,'3105620718','PUTRI AULIA','IX A',NULL,'lulus','2025/2026','2026-05-30 07:26:43','2026-05-30 07:26:43'),(19,'0109982678','RABIATUL ADAWIYAH','IX A',NULL,'lulus','2025/2026','2026-05-30 07:26:43','2026-05-30 07:26:43'),(20,'0106465714','SAIVA','IX A',NULL,'lulus','2025/2026','2026-05-30 07:26:43','2026-05-30 07:26:43'),(21,'0109475910','SALSABILA AULIA PUTRI','IX A',NULL,'lulus','2025/2026','2026-05-30 07:26:43','2026-05-30 07:26:43'),(22,'0102205526','SANTIA NURLATIFAH','IX A',NULL,'lulus','2025/2026','2026-05-30 07:26:43','2026-05-30 07:26:43'),(23,'0106181365','SITI AISYAH','IX A',NULL,'lulus','2025/2026','2026-05-30 07:26:43','2026-05-30 07:26:43'),(24,'3115277288','WAFIQ AZIZAH','IX A',NULL,'lulus','2025/2026','2026-05-30 07:26:43','2026-05-30 07:26:43'),(25,'0107717058','WIFQA NIHAYATUN NADA','IX A',NULL,'lulus','2025/2026','2026-05-30 07:26:43','2026-05-30 07:26:43'),(26,'0105722751','AHMAD HASAN','IX B',NULL,'lulus','2025/2026','2026-05-30 07:26:43','2026-05-30 07:26:43'),(27,'3117905098','AHMAD JUFRI','IX B',NULL,'lulus','2025/2026','2026-05-30 07:26:43','2026-05-30 07:26:43'),(28,'3112743904','ALFIANOOR','IX B',NULL,'lulus','2025/2026','2026-05-30 07:26:43','2026-05-30 07:26:43'),(29,'3106000422','ATONG','IX B',NULL,'lulus','2025/2026','2026-05-30 07:26:43','2026-05-30 07:26:43'),(30,'3104331116','AZZAM ALHAFIZHI','IX B',NULL,'lulus','2025/2026','2026-05-30 07:26:43','2026-05-30 07:26:43'),(31,'3112244314','FATHUR ARHAM UMAROH','IX B',NULL,'lulus','2025/2026','2026-05-30 07:26:43','2026-05-30 07:26:43'),(32,'0112511725','HAPIS PADILAH','IX B',NULL,'lulus','2025/2026','2026-05-30 07:26:43','2026-05-30 07:26:43'),(33,'0104114243','KHAIRUL KAFFA','IX B',NULL,'lulus','2025/2026','2026-05-30 07:26:43','2026-05-30 07:26:43'),(34,'3117183898','M. RESKI HAFIS','IX B',NULL,'lulus','2025/2026','2026-05-30 07:26:43','2026-05-30 07:26:43'),(35,'0104227882','M. WILDAN MUBARAK','IX B',NULL,'tidak_lulus','2025/2026','2026-05-30 07:26:43','2026-05-30 07:26:43'),(36,'0103597670','MUHAMAD TAUFIK','IX B',NULL,'lulus','2025/2026','2026-05-30 07:26:43','2026-05-30 07:26:43'),(37,'0116921275','MUHAMMAD ALPIANUR','IX B',NULL,'lulus','2025/2026','2026-05-30 07:26:43','2026-05-30 07:26:43'),(38,'0111952826','MUHAMMAD FAJAR ANGKASA','IX B',NULL,'lulus','2025/2026','2026-05-30 07:26:43','2026-05-30 07:26:43'),(39,'0108222864','MUHAMMAD HILMI','IX B',NULL,'lulus','2025/2026','2026-05-30 07:26:43','2026-05-30 07:26:43'),(40,'3103840722','MUHAMMAD PATJRIYANNOR','IX B',NULL,'lulus','2025/2026','2026-05-30 07:26:43','2026-05-30 07:26:43'),(41,'0108183487','MUHAMMAD RAFFA','IX B',NULL,'lulus','2025/2026','2026-05-30 07:26:43','2026-05-30 07:26:43'),(42,'3114467076','MUHAMMAD RAFI\'I','IX B',NULL,'lulus','2025/2026','2026-05-30 07:26:43','2026-05-30 07:26:43'),(43,'3110353649','MUHAMMAD RIDWAN','IX B',NULL,'lulus','2025/2026','2026-05-30 07:26:43','2026-05-30 07:26:43'),(44,'3118333654','MUHAMMAD SYAFI\'I','IX B',NULL,'lulus','2025/2026','2026-05-30 07:26:43','2026-05-30 07:26:43'),(45,'3111934275','MUHAMMAD YUDHA','IX B',NULL,'lulus','2025/2026','2026-05-30 07:26:43','2026-05-30 07:26:43'),(46,'0114635618','MUNAWWAR','IX B',NULL,'lulus','2025/2026','2026-05-30 07:26:43','2026-05-30 07:26:43'),(47,'0098074553','NOR PAZRI','IX B',NULL,'lulus','2025/2026','2026-05-30 07:26:43','2026-05-30 07:26:43'),(48,'3095742601','RAHMAN','IX B',NULL,'lulus','2025/2026','2026-05-30 07:26:43','2026-05-30 07:26:43'),(49,'0106819513','REZADIL KHAIR','IX B',NULL,'lulus','2025/2026','2026-05-30 07:26:43','2026-05-30 07:26:43'),(50,'3114827797','YUSUF ANSHARI','IX B',NULL,'lulus','2025/2026','2026-05-30 07:26:43','2026-05-30 07:26:43'),(51,'3114922776','ABDULLAH','IX C',NULL,'lulus','2025/2026','2026-05-30 07:26:43','2026-05-30 07:26:43'),(52,'0101745435','AIDA AMELIA','IX C',NULL,'lulus','2025/2026','2026-05-30 07:26:43','2026-05-30 07:26:43'),(53,'3110077856','AISHA NURSYIFA','IX C',NULL,'lulus','2025/2026','2026-05-30 07:26:43','2026-05-30 07:26:43'),(54,'0102512968','AISYAH','IX C',NULL,'lulus','2025/2026','2026-05-30 07:26:43','2026-05-30 07:26:43'),(55,'0105175782','ALFIAN','IX C',NULL,'lulus','2025/2026','2026-05-30 07:26:43','2026-05-30 07:26:43'),(56,'0114226315','ALYA AFIFAH','IX C',NULL,'lulus','2025/2026','2026-05-30 07:26:43','2026-05-30 07:26:43'),(57,'0116264989','ARRAYYAN SYA\' BAN','IX C',NULL,'lulus','2025/2026','2026-05-30 07:26:43','2026-05-30 07:26:43'),(58,'3117110097','AULIA','IX C',NULL,'lulus','2025/2026','2026-05-30 07:26:43','2026-05-30 07:26:43'),(59,'3115581246','AULIYA JANNAH','IX C',NULL,'lulus','2025/2026','2026-05-30 07:26:43','2026-05-30 07:26:43'),(60,'0112399423','DARMAN','IX C',NULL,'lulus','2025/2026','2026-05-30 07:26:43','2026-05-30 07:26:43'),(61,'0095150044','GERALD HERNANDEZ','IX C',NULL,'lulus','2025/2026','2026-05-30 07:26:43','2026-05-30 07:26:43'),(62,'0112173886','HALIPAH','IX C',NULL,'lulus','2025/2026','2026-05-30 07:26:43','2026-05-30 07:26:43'),(63,'3102736039','HERI ADITIA','IX C',NULL,'lulus','2025/2026','2026-05-30 07:26:43','2026-05-30 07:26:43'),(64,'3108716134','ISRA FATIMAH','IX C',NULL,'lulus','2025/2026','2026-05-30 07:26:43','2026-05-30 07:26:43'),(65,'0115894766','KRISNA DAMIANO','IX C',NULL,'lulus','2025/2026','2026-05-30 07:26:43','2026-05-30 07:26:43'),(66,'3116988706','LIDYA PRACISKA','IX C',NULL,'lulus','2025/2026','2026-05-30 07:26:43','2026-05-30 07:26:43'),(67,'0105838368','MAGDALENA','IX C',NULL,'lulus','2025/2026','2026-05-30 07:26:43','2026-05-30 07:26:43'),(68,'3103324114','MUHAMAD RASIDI','IX C',NULL,'lulus','2025/2026','2026-05-30 07:26:43','2026-05-30 07:26:43'),(69,'3111525616','MUHAMMAD A\'INUL HADI','IX C',NULL,'lulus','2025/2026','2026-05-30 07:26:43','2026-05-30 07:26:43'),(70,'3102496284','MUHAMMAD HAIDIR','IX C',NULL,'lulus','2025/2026','2026-05-30 07:26:43','2026-05-30 07:26:43'),(71,'3128137084','MUTIA','IX C',NULL,'lulus','2025/2026','2026-05-30 07:26:43','2026-05-30 07:26:43'),(72,'0097888195','NAZMATUL MUNIRAH','IX C',NULL,'tidak_lulus','2025/2026','2026-05-30 07:26:43','2026-05-30 07:49:07'),(73,'3097827552','NOR ASSHAFA','IX C',NULL,'lulus','2025/2026','2026-05-30 07:26:43','2026-05-30 07:26:43'),(74,'3102890730','NOR HADI','IX C',NULL,'tidak_lulus','2025/2026','2026-05-30 07:26:43','2026-05-30 07:48:50'),(75,'0118557173','RAUDHATUL JANNAH','IX C',NULL,'lulus','2025/2026','2026-05-30 07:26:43','2026-05-30 07:26:43'),(76,'0109229345','SITI SALIKAH','IX C',NULL,'lulus','2025/2026','2026-05-30 07:26:43','2026-05-30 07:26:43'),(77,'0111525810','UMAYIRA','IX C',NULL,'lulus','2025/2026','2026-05-30 07:26:43','2026-05-30 07:26:43'),(78,'0118616672','WULAN SINTIASARI','IX C',NULL,'lulus','2025/2026','2026-05-30 07:26:43','2026-05-30 07:26:43'),(79,'3103961073','YASMIN','IX C',NULL,'lulus','2025/2026','2026-05-30 07:26:43','2026-05-30 07:26:43'),(80,'0111722464','AHMAD ALI HUSIEN','IX D',NULL,'lulus','2025/2026','2026-05-30 07:26:43','2026-05-30 07:26:43'),(81,'0099901626','AHMAD FAUZAN','IX D',NULL,'lulus','2025/2026','2026-05-30 07:26:43','2026-05-30 07:26:43'),(82,'0118490856','AHMAD HUMAIDI AKRAM','IX D',NULL,'lulus','2025/2026','2026-05-30 07:26:43','2026-05-30 07:26:43'),(83,'0108605403','AHMAD JAUHARI','IX D',NULL,'lulus','2025/2026','2026-05-30 07:26:43','2026-05-30 07:26:43'),(84,'3100887382','AHMAD RIFAI','IX D',NULL,'lulus','2025/2026','2026-05-30 07:26:43','2026-05-30 07:26:43'),(85,'0118330693','AHMAD RIFKI','IX D',NULL,'lulus','2025/2026','2026-05-30 07:26:43','2026-05-30 07:26:43'),(86,'0115205567','AMIRA MAHPIDAH','IX D',NULL,'lulus','2025/2026','2026-05-30 07:26:43','2026-05-30 07:26:43'),(87,'3118372933','BAYTI','IX D',NULL,'lulus','2025/2026','2026-05-30 07:26:43','2026-05-30 07:26:43'),(88,'0118538195','DAHLIA','IX D',NULL,'lulus','2025/2026','2026-05-30 07:26:43','2026-05-30 07:26:43'),(89,'0115156733','DENY ANUGRAH','IX D',NULL,'lulus','2025/2026','2026-05-30 07:26:43','2026-05-30 07:26:43'),(90,'0117860571','DIMAS','IX D',NULL,'lulus','2025/2026','2026-05-30 07:26:43','2026-05-30 07:26:43'),(91,'3127733939','FEBI WULANDARI SAFITRI','IX D',NULL,'lulus','2025/2026','2026-05-30 07:26:43','2026-05-30 07:26:43'),(92,'0114967148','HASNA HAFIZAH','IX D',NULL,'lulus','2025/2026','2026-05-30 07:26:43','2026-05-30 07:26:43'),(93,'0116692578','LEVIANA ZAHRA','IX D',NULL,'lulus','2025/2026','2026-05-30 07:26:43','2026-05-30 07:26:43'),(94,'3114769797','MUHAMMAD DAFFA ADZIKRA','IX D',NULL,'lulus','2025/2026','2026-05-30 07:26:43','2026-05-30 07:26:43'),(95,'0114823839','MUHAMMAD RAMADANI','IX D',NULL,'lulus','2025/2026','2026-05-30 07:26:43','2026-05-30 07:26:43'),(96,'0117068496','MUHAMMAD RAMDANI','IX D',NULL,'lulus','2025/2026','2026-05-30 07:26:43','2026-05-30 07:26:43'),(97,'0118815655','MUHAMMAD ZAHIR RAMADHAN','IX D',NULL,'lulus','2025/2026','2026-05-30 07:26:43','2026-05-30 07:26:43'),(98,'0101577538','NUR CAHAYA','IX D',NULL,'lulus','2025/2026','2026-05-30 07:26:43','2026-05-30 07:26:43'),(99,'3113274479','PATIMAH TUNGGAL DEWI','IX D',NULL,'lulus','2025/2026','2026-05-30 07:26:43','2026-05-30 07:26:43'),(100,'3116696644','RABIYATUL','IX D',NULL,'lulus','2025/2026','2026-05-30 07:26:43','2026-05-30 07:26:43'),(101,'0104443346','RAKHA AR RAYAN','IX D',NULL,'lulus','2025/2026','2026-05-30 07:26:43','2026-05-30 07:26:43'),(102,'0108374729','RAUDAH','IX D',NULL,'lulus','2025/2026','2026-05-30 07:26:43','2026-05-30 07:26:43'),(103,'0119327760','SALMA HUMAIRA','IX D',NULL,'lulus','2025/2026','2026-05-30 07:26:43','2026-05-30 07:26:43'),(104,'0119959086','SITI AISYAH','IX D',NULL,'lulus','2025/2026','2026-05-30 07:26:43','2026-05-30 07:26:43'),(105,'3104112651','SITI NUR AISYAH','IX D',NULL,'lulus','2025/2026','2026-05-30 07:26:43','2026-05-30 07:26:43');


